{"id":1396,"date":"2025-06-16T11:21:30","date_gmt":"2025-06-16T10:21:30","guid":{"rendered":"https:\/\/workboot.fr\/ciela\/?page_id=1396"},"modified":"2025-06-17T09:04:44","modified_gmt":"2025-06-17T08:04:44","slug":"gpg-chiffrements","status":"publish","type":"page","link":"https:\/\/workboot.fr\/ciela\/gpg-chiffrements\/","title":{"rendered":"GPG chiffrements"},"content":{"rendered":"\n<h3 class=\"wp-block-heading\">\ud83d\udccc <strong>1. Modes de chiffrement<\/strong><\/h3>\n\n\n\n<figure class=\"wp-block-table\"><table class=\"has-fixed-layout\"><thead><tr><th>Mode<\/th><th>Commande principale<\/th><th>Utilisation<\/th><\/tr><\/thead><tbody><tr><td><strong>Sym\u00e9trique<\/strong><\/td><td><code>gpg -c fichier<\/code><\/td><td>Chiffrement avec mot de passe<\/td><\/tr><tr><td><strong>Asym\u00e9trique<\/strong><\/td><td><code>gpg -e -r destinataire fichier<\/code><\/td><td>Cl\u00e9 publique\/priv\u00e9e<\/td><\/tr><\/tbody><\/table><\/figure>\n\n\n\n<h2 class=\"wp-block-heading\">Installation du package gpg<\/h2>\n\n\n\n<pre class=\"wp-block-code\"><code>apt install gnupg2<\/code><\/pre>\n\n\n\n<h2 class=\"wp-block-heading\">\ud83d\udccc R\u00e9sum\u00e9 des commandes utiles<\/h2>\n\n\n\n<figure class=\"wp-block-table\"><table class=\"has-fixed-layout\"><thead><tr><th>Action<\/th><th>Commande<\/th><\/tr><\/thead><tbody><tr><td>Chiffrement sym\u00e9trique<\/td><td><code>gpg --symmetric fichier<\/code><\/td><\/tr><tr><td>Chiffrement asym\u00e9trique<\/td><td><code>gpg --encrypt --recipient destinataire fichier<\/code><\/td><\/tr><tr><td>D\u00e9chiffrement<\/td><td><code>gpg --decrypt fichier.gpg<\/code><\/td><\/tr><tr><td>G\u00e9n\u00e9rer des cl\u00e9s<\/td><td><code>gpg --full-generate-key<\/code><\/td><\/tr><tr><td>Export cl\u00e9 publique<\/td><td><code>gpg --armor --export email &gt; pub.asc<\/code><\/td><\/tr><tr><td>Export cl\u00e9 priv\u00e9e<\/td><td><code>gpg --armor --export-secret-keys email &gt; priv.asc<\/code><\/td><\/tr><tr><td>Importer cl\u00e9<\/td><td><code>gpg --import fichier.asc<\/code><\/td><\/tr><tr><td>Signer un fichier<\/td><td><code>gpg --clearsign fichier<\/code><\/td><\/tr><tr><td>V\u00e9rifier signature<\/td><td><code>gpg --verify fichier.asc<\/code><\/td><\/tr><\/tbody><\/table><\/figure>\n\n\n\n<p class=\"wp-block-paragraph\"><\/p>\n","protected":false},"excerpt":{"rendered":"<p>\ud83d\udccc 1. Modes de chiffrement Mode Commande principale Utilisation Sym\u00e9trique gpg -c fichier Chiffrement avec mot de passe Asym\u00e9trique gpg -e -r destinataire fichier Cl\u00e9 publique\/priv\u00e9e Installation du package gpg [&hellip;]<\/p>\n","protected":false},"author":1,"featured_media":0,"parent":0,"menu_order":0,"comment_status":"closed","ping_status":"closed","template":"","meta":{"_crdt_document":"","_uag_custom_page_level_css":"","footnotes":""},"class_list":["post-1396","page","type-page","status-publish","hentry"],"yoast_head":"<!-- This site is optimized with the Yoast SEO plugin v27.3 - https:\/\/yoast.com\/product\/yoast-seo-wordpress\/ -->\n<title>GPG chiffrements - workboot<\/title>\n<meta name=\"robots\" content=\"index, follow, max-snippet:-1, max-image-preview:large, max-video-preview:-1\" \/>\n<link rel=\"canonical\" href=\"https:\/\/workboot.fr\/ciela\/gpg-chiffrements\/\" \/>\n<meta property=\"og:locale\" content=\"fr_FR\" \/>\n<meta property=\"og:type\" content=\"article\" \/>\n<meta property=\"og:title\" content=\"GPG chiffrements - workboot\" \/>\n<meta property=\"og:description\" content=\"\ud83d\udccc 1. Modes de chiffrement Mode Commande principale Utilisation Sym\u00e9trique gpg -c fichier Chiffrement avec mot de passe Asym\u00e9trique gpg -e -r destinataire fichier Cl\u00e9 publique\/priv\u00e9e Installation du package gpg [&hellip;]\" \/>\n<meta property=\"og:url\" content=\"https:\/\/workboot.fr\/ciela\/gpg-chiffrements\/\" \/>\n<meta property=\"og:site_name\" content=\"workboot\" \/>\n<meta property=\"article:modified_time\" content=\"2025-06-17T08:04:44+00:00\" \/>\n<script type=\"application\/ld+json\" class=\"yoast-schema-graph\">{\"@context\":\"https:\\\/\\\/schema.org\",\"@graph\":[{\"@type\":\"WebPage\",\"@id\":\"https:\\\/\\\/workboot.fr\\\/ciela\\\/gpg-chiffrements\\\/\",\"url\":\"https:\\\/\\\/workboot.fr\\\/ciela\\\/gpg-chiffrements\\\/\",\"name\":\"GPG chiffrements - workboot\",\"isPartOf\":{\"@id\":\"https:\\\/\\\/workboot.fr\\\/ciela\\\/#website\"},\"datePublished\":\"2025-06-16T10:21:30+00:00\",\"dateModified\":\"2025-06-17T08:04:44+00:00\",\"inLanguage\":\"fr-FR\",\"potentialAction\":[{\"@type\":\"ReadAction\",\"target\":[\"https:\\\/\\\/workboot.fr\\\/ciela\\\/gpg-chiffrements\\\/\"]}]},{\"@type\":\"WebSite\",\"@id\":\"https:\\\/\\\/workboot.fr\\\/ciela\\\/#website\",\"url\":\"https:\\\/\\\/workboot.fr\\\/ciela\\\/\",\"name\":\"workboot\",\"description\":\"Open Source, Open Minds \",\"publisher\":{\"@id\":\"https:\\\/\\\/workboot.fr\\\/ciela\\\/#organization\"},\"potentialAction\":[{\"@type\":\"SearchAction\",\"target\":{\"@type\":\"EntryPoint\",\"urlTemplate\":\"https:\\\/\\\/workboot.fr\\\/ciela\\\/?s={search_term_string}\"},\"query-input\":{\"@type\":\"PropertyValueSpecification\",\"valueRequired\":true,\"valueName\":\"search_term_string\"}}],\"inLanguage\":\"fr-FR\"},{\"@type\":\"Organization\",\"@id\":\"https:\\\/\\\/workboot.fr\\\/ciela\\\/#organization\",\"name\":\"workboot\",\"url\":\"https:\\\/\\\/workboot.fr\\\/ciela\\\/\",\"logo\":{\"@type\":\"ImageObject\",\"inLanguage\":\"fr-FR\",\"@id\":\"https:\\\/\\\/workboot.fr\\\/ciela\\\/#\\\/schema\\\/logo\\\/image\\\/\",\"url\":\"https:\\\/\\\/workboot.fr\\\/ciela\\\/wp-content\\\/uploads\\\/2025\\\/05\\\/logo_ciel-dorian-1.png\",\"contentUrl\":\"https:\\\/\\\/workboot.fr\\\/ciela\\\/wp-content\\\/uploads\\\/2025\\\/05\\\/logo_ciel-dorian-1.png\",\"width\":1024,\"height\":950,\"caption\":\"workboot\"},\"image\":{\"@id\":\"https:\\\/\\\/workboot.fr\\\/ciela\\\/#\\\/schema\\\/logo\\\/image\\\/\"}}]}<\/script>\n<!-- \/ Yoast SEO plugin. -->","yoast_head_json":{"title":"GPG chiffrements - workboot","robots":{"index":"index","follow":"follow","max-snippet":"max-snippet:-1","max-image-preview":"max-image-preview:large","max-video-preview":"max-video-preview:-1"},"canonical":"https:\/\/workboot.fr\/ciela\/gpg-chiffrements\/","og_locale":"fr_FR","og_type":"article","og_title":"GPG chiffrements - workboot","og_description":"\ud83d\udccc 1. Modes de chiffrement Mode Commande principale Utilisation Sym\u00e9trique gpg -c fichier Chiffrement avec mot de passe Asym\u00e9trique gpg -e -r destinataire fichier Cl\u00e9 publique\/priv\u00e9e Installation du package gpg [&hellip;]","og_url":"https:\/\/workboot.fr\/ciela\/gpg-chiffrements\/","og_site_name":"workboot","article_modified_time":"2025-06-17T08:04:44+00:00","schema":{"@context":"https:\/\/schema.org","@graph":[{"@type":"WebPage","@id":"https:\/\/workboot.fr\/ciela\/gpg-chiffrements\/","url":"https:\/\/workboot.fr\/ciela\/gpg-chiffrements\/","name":"GPG chiffrements - workboot","isPartOf":{"@id":"https:\/\/workboot.fr\/ciela\/#website"},"datePublished":"2025-06-16T10:21:30+00:00","dateModified":"2025-06-17T08:04:44+00:00","inLanguage":"fr-FR","potentialAction":[{"@type":"ReadAction","target":["https:\/\/workboot.fr\/ciela\/gpg-chiffrements\/"]}]},{"@type":"WebSite","@id":"https:\/\/workboot.fr\/ciela\/#website","url":"https:\/\/workboot.fr\/ciela\/","name":"workboot","description":"Open Source, Open Minds ","publisher":{"@id":"https:\/\/workboot.fr\/ciela\/#organization"},"potentialAction":[{"@type":"SearchAction","target":{"@type":"EntryPoint","urlTemplate":"https:\/\/workboot.fr\/ciela\/?s={search_term_string}"},"query-input":{"@type":"PropertyValueSpecification","valueRequired":true,"valueName":"search_term_string"}}],"inLanguage":"fr-FR"},{"@type":"Organization","@id":"https:\/\/workboot.fr\/ciela\/#organization","name":"workboot","url":"https:\/\/workboot.fr\/ciela\/","logo":{"@type":"ImageObject","inLanguage":"fr-FR","@id":"https:\/\/workboot.fr\/ciela\/#\/schema\/logo\/image\/","url":"https:\/\/workboot.fr\/ciela\/wp-content\/uploads\/2025\/05\/logo_ciel-dorian-1.png","contentUrl":"https:\/\/workboot.fr\/ciela\/wp-content\/uploads\/2025\/05\/logo_ciel-dorian-1.png","width":1024,"height":950,"caption":"workboot"},"image":{"@id":"https:\/\/workboot.fr\/ciela\/#\/schema\/logo\/image\/"}}]}},"uagb_featured_image_src":{"full":false,"thumbnail":false,"medium":false,"medium_large":false,"large":false,"1536x1536":false,"2048x2048":false},"uagb_author_info":{"display_name":"admin","author_link":"https:\/\/workboot.fr\/ciela\/author\/admin\/"},"uagb_comment_info":0,"uagb_excerpt":"\ud83d\udccc 1. Modes de chiffrement Mode Commande principale Utilisation Sym\u00e9trique gpg -c fichier Chiffrement avec mot de passe Asym\u00e9trique gpg -e -r destinataire fichier Cl\u00e9 publique\/priv\u00e9e Installation du package gpg [&hellip;]","_links":{"self":[{"href":"https:\/\/workboot.fr\/ciela\/wp-json\/wp\/v2\/pages\/1396","targetHints":{"allow":["GET"]}}],"collection":[{"href":"https:\/\/workboot.fr\/ciela\/wp-json\/wp\/v2\/pages"}],"about":[{"href":"https:\/\/workboot.fr\/ciela\/wp-json\/wp\/v2\/types\/page"}],"author":[{"embeddable":true,"href":"https:\/\/workboot.fr\/ciela\/wp-json\/wp\/v2\/users\/1"}],"replies":[{"embeddable":true,"href":"https:\/\/workboot.fr\/ciela\/wp-json\/wp\/v2\/comments?post=1396"}],"version-history":[{"count":4,"href":"https:\/\/workboot.fr\/ciela\/wp-json\/wp\/v2\/pages\/1396\/revisions"}],"predecessor-version":[{"id":1431,"href":"https:\/\/workboot.fr\/ciela\/wp-json\/wp\/v2\/pages\/1396\/revisions\/1431"}],"wp:attachment":[{"href":"https:\/\/workboot.fr\/ciela\/wp-json\/wp\/v2\/media?parent=1396"}],"curies":[{"name":"wp","href":"https:\/\/api.w.org\/{rel}","templated":true}]}}