{"id":1853,"date":"2025-07-03T08:19:45","date_gmt":"2025-07-03T07:19:45","guid":{"rendered":"https:\/\/workboot.fr\/ciela\/?page_id=1853"},"modified":"2025-07-09T16:33:11","modified_gmt":"2025-07-09T15:33:11","slug":"processus","status":"publish","type":"page","link":"https:\/\/workboot.fr\/ciela\/commandes-linux\/processus\/","title":{"rendered":"Processus"},"content":{"rendered":"\n<p class=\"wp-block-paragraph\">htop , top , ps , kill , pkill<\/p>\n\n\n\n<p class=\"wp-block-paragraph\"><\/p>\n\n\n\n<p class=\"wp-block-paragraph\"><\/p>\n\n\n\n<figure class=\"wp-block-table\"><table class=\"has-fixed-layout\"><thead><tr><th><strong>Nom<\/strong><\/th><th><strong>N\u00b0<\/strong><\/th><th><strong>Usage<\/strong><\/th><\/tr><\/thead><tbody><tr><td><code>SIGINT<\/code><\/td><td>2<\/td><td>Interruption (<code>Ctrl+C<\/code>)<\/td><\/tr><tr><td><code>SIGTERM<\/code><\/td><td>15<\/td><td>Demande d&rsquo;arr\u00eat propre (par d\u00e9faut avec <code>kill<\/code>)<\/td><\/tr><tr><td><code>SIGKILL<\/code><\/td><td>9<\/td><td>Tue imm\u00e9diatement un processus (non interceptable)<\/td><\/tr><tr><td><code>SIGQUIT<\/code><\/td><td>3<\/td><td>Quit + core dump (<code>Ctrl+\\<\/code>)<\/td><\/tr><tr><td><code>SIGTSTP<\/code><\/td><td>20<\/td><td>Pause (<code>Ctrl+Z<\/code>)<\/td><\/tr><tr><td><code>SIGHUP<\/code><\/td><td>1<\/td><td>D\u00e9connexion du terminal (HangUp)<\/td><\/tr><tr><td><code>SIGCONT<\/code><\/td><td>18<\/td><td>Reprise apr\u00e8s un <code>SIGSTOP<\/code><\/td><\/tr><tr><td><code>SIGSTOP<\/code><\/td><td>19<\/td><td>Stoppe sans possibilit\u00e9 d\u2019ignorer (comme <code>SIGKILL<\/code>)<\/td><\/tr><tr><td><code>SIGALRM<\/code><\/td><td>14<\/td><td>Minuterie d\u00e9clench\u00e9e (alarme)<\/td><\/tr><tr><td><code>SIGUSR1\/2<\/code><\/td><td>10\/12<\/td><td>Signaux utilisateur personnalis\u00e9s<\/td><\/tr><\/tbody><\/table><\/figure>\n\n\n\n<h3 class=\"wp-block-heading\">\ud83d\udccc R\u00e9sum\u00e9 des priorit\u00e9s avec <code>nice<\/code> :<\/h3>\n\n\n\n<figure class=\"wp-block-table\"><table class=\"has-fixed-layout\"><thead><tr><th>Valeur de <code>nice<\/code><\/th><th>Priorit\u00e9 du processus<\/th><th>Droits requis<\/th><\/tr><\/thead><tbody><tr><td><code>-20<\/code> (max)<\/td><td>Tr\u00e8s haute priorit\u00e9<\/td><td><strong>root<\/strong><\/td><\/tr><tr><td><code>0<\/code><\/td><td>Priorit\u00e9 normale<\/td><td>utilisateur<\/td><\/tr><tr><td><code>+19<\/code> (max)<\/td><td>Tr\u00e8s basse priorit\u00e9<\/td><td>utilisateur<\/td><\/tr><\/tbody><\/table><\/figure>\n","protected":false},"excerpt":{"rendered":"<p>htop , top , ps , kill , pkill Nom N\u00b0 Usage SIGINT 2 Interruption (Ctrl+C) SIGTERM 15 Demande d&rsquo;arr\u00eat propre (par d\u00e9faut avec kill) SIGKILL 9 Tue imm\u00e9diatement un [&hellip;]<\/p>\n","protected":false},"author":1,"featured_media":0,"parent":1499,"menu_order":0,"comment_status":"closed","ping_status":"closed","template":"","meta":{"_crdt_document":"","_uag_custom_page_level_css":"","footnotes":""},"class_list":["post-1853","page","type-page","status-publish","hentry"],"yoast_head":"<!-- This site is optimized with the Yoast SEO plugin v27.3 - https:\/\/yoast.com\/product\/yoast-seo-wordpress\/ -->\n<title>Processus - workboot<\/title>\n<meta name=\"robots\" content=\"index, follow, max-snippet:-1, max-image-preview:large, max-video-preview:-1\" \/>\n<link rel=\"canonical\" href=\"https:\/\/workboot.fr\/ciela\/commandes-linux\/processus\/\" \/>\n<meta property=\"og:locale\" content=\"fr_FR\" \/>\n<meta property=\"og:type\" content=\"article\" \/>\n<meta property=\"og:title\" content=\"Processus - workboot\" \/>\n<meta property=\"og:description\" content=\"htop , top , ps , kill , pkill Nom N\u00b0 Usage SIGINT 2 Interruption (Ctrl+C) SIGTERM 15 Demande d&rsquo;arr\u00eat propre (par d\u00e9faut avec kill) SIGKILL 9 Tue imm\u00e9diatement un [&hellip;]\" \/>\n<meta property=\"og:url\" content=\"https:\/\/workboot.fr\/ciela\/commandes-linux\/processus\/\" \/>\n<meta property=\"og:site_name\" content=\"workboot\" \/>\n<meta property=\"article:modified_time\" content=\"2025-07-09T15:33:11+00:00\" \/>\n<meta name=\"twitter:label1\" content=\"Dur\u00e9e de lecture estim\u00e9e\" \/>\n\t<meta name=\"twitter:data1\" content=\"1 minute\" \/>\n<script type=\"application\/ld+json\" class=\"yoast-schema-graph\">{\"@context\":\"https:\\\/\\\/schema.org\",\"@graph\":[{\"@type\":\"WebPage\",\"@id\":\"https:\\\/\\\/workboot.fr\\\/ciela\\\/commandes-linux\\\/processus\\\/\",\"url\":\"https:\\\/\\\/workboot.fr\\\/ciela\\\/commandes-linux\\\/processus\\\/\",\"name\":\"Processus - workboot\",\"isPartOf\":{\"@id\":\"https:\\\/\\\/workboot.fr\\\/ciela\\\/#website\"},\"datePublished\":\"2025-07-03T07:19:45+00:00\",\"dateModified\":\"2025-07-09T15:33:11+00:00\",\"breadcrumb\":{\"@id\":\"https:\\\/\\\/workboot.fr\\\/ciela\\\/commandes-linux\\\/processus\\\/#breadcrumb\"},\"inLanguage\":\"fr-FR\",\"potentialAction\":[{\"@type\":\"ReadAction\",\"target\":[\"https:\\\/\\\/workboot.fr\\\/ciela\\\/commandes-linux\\\/processus\\\/\"]}]},{\"@type\":\"BreadcrumbList\",\"@id\":\"https:\\\/\\\/workboot.fr\\\/ciela\\\/commandes-linux\\\/processus\\\/#breadcrumb\",\"itemListElement\":[{\"@type\":\"ListItem\",\"position\":1,\"name\":\"Commandes Linux\",\"item\":\"https:\\\/\\\/workboot.fr\\\/ciela\\\/commandes-linux\\\/\"},{\"@type\":\"ListItem\",\"position\":2,\"name\":\"Processus\"}]},{\"@type\":\"WebSite\",\"@id\":\"https:\\\/\\\/workboot.fr\\\/ciela\\\/#website\",\"url\":\"https:\\\/\\\/workboot.fr\\\/ciela\\\/\",\"name\":\"workboot\",\"description\":\"Open Source, Open Minds \",\"publisher\":{\"@id\":\"https:\\\/\\\/workboot.fr\\\/ciela\\\/#organization\"},\"potentialAction\":[{\"@type\":\"SearchAction\",\"target\":{\"@type\":\"EntryPoint\",\"urlTemplate\":\"https:\\\/\\\/workboot.fr\\\/ciela\\\/?s={search_term_string}\"},\"query-input\":{\"@type\":\"PropertyValueSpecification\",\"valueRequired\":true,\"valueName\":\"search_term_string\"}}],\"inLanguage\":\"fr-FR\"},{\"@type\":\"Organization\",\"@id\":\"https:\\\/\\\/workboot.fr\\\/ciela\\\/#organization\",\"name\":\"workboot\",\"url\":\"https:\\\/\\\/workboot.fr\\\/ciela\\\/\",\"logo\":{\"@type\":\"ImageObject\",\"inLanguage\":\"fr-FR\",\"@id\":\"https:\\\/\\\/workboot.fr\\\/ciela\\\/#\\\/schema\\\/logo\\\/image\\\/\",\"url\":\"https:\\\/\\\/workboot.fr\\\/ciela\\\/wp-content\\\/uploads\\\/2025\\\/05\\\/logo_ciel-dorian-1.png\",\"contentUrl\":\"https:\\\/\\\/workboot.fr\\\/ciela\\\/wp-content\\\/uploads\\\/2025\\\/05\\\/logo_ciel-dorian-1.png\",\"width\":1024,\"height\":950,\"caption\":\"workboot\"},\"image\":{\"@id\":\"https:\\\/\\\/workboot.fr\\\/ciela\\\/#\\\/schema\\\/logo\\\/image\\\/\"}}]}<\/script>\n<!-- \/ Yoast SEO plugin. -->","yoast_head_json":{"title":"Processus - workboot","robots":{"index":"index","follow":"follow","max-snippet":"max-snippet:-1","max-image-preview":"max-image-preview:large","max-video-preview":"max-video-preview:-1"},"canonical":"https:\/\/workboot.fr\/ciela\/commandes-linux\/processus\/","og_locale":"fr_FR","og_type":"article","og_title":"Processus - workboot","og_description":"htop , top , ps , kill , pkill Nom N\u00b0 Usage SIGINT 2 Interruption (Ctrl+C) SIGTERM 15 Demande d&rsquo;arr\u00eat propre (par d\u00e9faut avec kill) SIGKILL 9 Tue imm\u00e9diatement un [&hellip;]","og_url":"https:\/\/workboot.fr\/ciela\/commandes-linux\/processus\/","og_site_name":"workboot","article_modified_time":"2025-07-09T15:33:11+00:00","twitter_misc":{"Dur\u00e9e de lecture estim\u00e9e":"1 minute"},"schema":{"@context":"https:\/\/schema.org","@graph":[{"@type":"WebPage","@id":"https:\/\/workboot.fr\/ciela\/commandes-linux\/processus\/","url":"https:\/\/workboot.fr\/ciela\/commandes-linux\/processus\/","name":"Processus - workboot","isPartOf":{"@id":"https:\/\/workboot.fr\/ciela\/#website"},"datePublished":"2025-07-03T07:19:45+00:00","dateModified":"2025-07-09T15:33:11+00:00","breadcrumb":{"@id":"https:\/\/workboot.fr\/ciela\/commandes-linux\/processus\/#breadcrumb"},"inLanguage":"fr-FR","potentialAction":[{"@type":"ReadAction","target":["https:\/\/workboot.fr\/ciela\/commandes-linux\/processus\/"]}]},{"@type":"BreadcrumbList","@id":"https:\/\/workboot.fr\/ciela\/commandes-linux\/processus\/#breadcrumb","itemListElement":[{"@type":"ListItem","position":1,"name":"Commandes Linux","item":"https:\/\/workboot.fr\/ciela\/commandes-linux\/"},{"@type":"ListItem","position":2,"name":"Processus"}]},{"@type":"WebSite","@id":"https:\/\/workboot.fr\/ciela\/#website","url":"https:\/\/workboot.fr\/ciela\/","name":"workboot","description":"Open Source, Open Minds ","publisher":{"@id":"https:\/\/workboot.fr\/ciela\/#organization"},"potentialAction":[{"@type":"SearchAction","target":{"@type":"EntryPoint","urlTemplate":"https:\/\/workboot.fr\/ciela\/?s={search_term_string}"},"query-input":{"@type":"PropertyValueSpecification","valueRequired":true,"valueName":"search_term_string"}}],"inLanguage":"fr-FR"},{"@type":"Organization","@id":"https:\/\/workboot.fr\/ciela\/#organization","name":"workboot","url":"https:\/\/workboot.fr\/ciela\/","logo":{"@type":"ImageObject","inLanguage":"fr-FR","@id":"https:\/\/workboot.fr\/ciela\/#\/schema\/logo\/image\/","url":"https:\/\/workboot.fr\/ciela\/wp-content\/uploads\/2025\/05\/logo_ciel-dorian-1.png","contentUrl":"https:\/\/workboot.fr\/ciela\/wp-content\/uploads\/2025\/05\/logo_ciel-dorian-1.png","width":1024,"height":950,"caption":"workboot"},"image":{"@id":"https:\/\/workboot.fr\/ciela\/#\/schema\/logo\/image\/"}}]}},"uagb_featured_image_src":{"full":false,"thumbnail":false,"medium":false,"medium_large":false,"large":false,"1536x1536":false,"2048x2048":false},"uagb_author_info":{"display_name":"admin","author_link":"https:\/\/workboot.fr\/ciela\/author\/admin\/"},"uagb_comment_info":0,"uagb_excerpt":"htop , top , ps , kill , pkill Nom N\u00b0 Usage SIGINT 2 Interruption (Ctrl+C) SIGTERM 15 Demande d&rsquo;arr\u00eat propre (par d\u00e9faut avec kill) SIGKILL 9 Tue imm\u00e9diatement un [&hellip;]","_links":{"self":[{"href":"https:\/\/workboot.fr\/ciela\/wp-json\/wp\/v2\/pages\/1853","targetHints":{"allow":["GET"]}}],"collection":[{"href":"https:\/\/workboot.fr\/ciela\/wp-json\/wp\/v2\/pages"}],"about":[{"href":"https:\/\/workboot.fr\/ciela\/wp-json\/wp\/v2\/types\/page"}],"author":[{"embeddable":true,"href":"https:\/\/workboot.fr\/ciela\/wp-json\/wp\/v2\/users\/1"}],"replies":[{"embeddable":true,"href":"https:\/\/workboot.fr\/ciela\/wp-json\/wp\/v2\/comments?post=1853"}],"version-history":[{"count":4,"href":"https:\/\/workboot.fr\/ciela\/wp-json\/wp\/v2\/pages\/1853\/revisions"}],"predecessor-version":[{"id":2137,"href":"https:\/\/workboot.fr\/ciela\/wp-json\/wp\/v2\/pages\/1853\/revisions\/2137"}],"up":[{"embeddable":true,"href":"https:\/\/workboot.fr\/ciela\/wp-json\/wp\/v2\/pages\/1499"}],"wp:attachment":[{"href":"https:\/\/workboot.fr\/ciela\/wp-json\/wp\/v2\/media?parent=1853"}],"curies":[{"name":"wp","href":"https:\/\/api.w.org\/{rel}","templated":true}]}}