{"id":2518,"date":"2025-07-17T10:01:30","date_gmt":"2025-07-17T09:01:30","guid":{"rendered":"https:\/\/workboot.fr\/ciela\/?page_id=2518"},"modified":"2025-07-17T10:20:43","modified_gmt":"2025-07-17T09:20:43","slug":"directives-de-preprocesseur-en-c","status":"publish","type":"page","link":"https:\/\/workboot.fr\/ciela\/directives-de-preprocesseur-en-c\/","title":{"rendered":"Directives de pr\u00e9processeur en C"},"content":{"rendered":"\n<nav aria-label=\"Table des mati\u00e8res\" class=\"wp-block-table-of-contents\"><ol><li><a class=\"wp-block-table-of-contents__entry\" href=\"https:\/\/workboot.fr\/ciela\/directives-de-preprocesseur-en-c\/#definition-directive-de-preprocesseur-en-c\">\ud83d\udcd8 D\u00e9finition : directive de pr\u00e9processeur en C<\/a><\/li><li><a class=\"wp-block-table-of-contents__entry\" href=\"https:\/\/workboot.fr\/ciela\/directives-de-preprocesseur-en-c\/#exemples-courants-de-directives\">\ud83d\udd27 Exemples courants de directives :<\/a><\/li><li><a class=\"wp-block-table-of-contents__entry\" href=\"https:\/\/workboot.fr\/ciela\/directives-de-preprocesseur-en-c\/#en-resume\">\ud83d\udccc En r\u00e9sum\u00e9 :<\/a><\/li><\/ol><\/nav>\n\n\n\n<h1 class=\"wp-block-heading\" id=\"definition-directive-de-preprocesseur-en-c\">\ud83d\udcd8 D\u00e9finition : directive de pr\u00e9processeur en C<\/h1>\n\n\n\n<p class=\"wp-block-paragraph\">Une <strong>directive de pr\u00e9processeur<\/strong> en C est une <strong>instruction sp\u00e9ciale<\/strong> qui commence par <code>#<\/code> (di\u00e8se) et qui est <strong>trait\u00e9e avant la compilation<\/strong>, lors de la phase de <strong>pr\u00e9compilation<\/strong>.<\/p>\n\n\n\n<blockquote class=\"wp-block-quote is-layout-flow wp-block-quote-is-layout-flow\">\n<p class=\"wp-block-paragraph\">Elle indique au <strong>pr\u00e9processeur C<\/strong> quoi faire <strong>avant que le code soit compil\u00e9<\/strong>.<\/p>\n<\/blockquote>\n\n\n\n<h1 class=\"wp-block-heading\" id=\"exemples-courants-de-directives\">\ud83d\udd27 Exemples courants de directives :<\/h1>\n\n\n\n<figure class=\"wp-block-table\"><table class=\"has-fixed-layout\"><thead><tr><th>Directive<\/th><th>R\u00f4le<\/th><th>Exemple<\/th><\/tr><\/thead><tbody><tr><td><code><a href=\"https:\/\/workboot.fr\/ciela\/macro-define\/\">#define<\/a><\/code><\/td><td>D\u00e9clare une <strong>macro<\/strong> ou une <strong>constante<\/strong><\/td><td><code>#define PI 3.14<\/code><\/td><\/tr><tr><td><code>#include<\/code><\/td><td><strong>Inclut<\/strong> un fichier externe<\/td><td><code>#include &lt;stdio.h&gt;<\/code><\/td><\/tr><tr><td><code>#ifdef<\/code> \/ <code>#ifndef<\/code><\/td><td>Teste si une macro est d\u00e9finie<\/td><td><code>#ifdef DEBUG<\/code><\/td><\/tr><tr><td><code>#if<\/code>, <code>#else<\/code>, <code>#endif<\/code><\/td><td>Conditions de compilation<\/td><td><code>#if VERSION == 2<\/code><\/td><\/tr><tr><td><code>#undef<\/code><\/td><td>Supprime une macro<\/td><td><code>#undef PI<\/code><\/td><\/tr><tr><td><code>#pragma<\/code><\/td><td>Instruction sp\u00e9ciale au compilateur<\/td><td><code>#pragma once<\/code><\/td><\/tr><\/tbody><\/table><\/figure>\n\n\n\n<h1 class=\"wp-block-heading\" id=\"en-resume\">\ud83d\udccc En r\u00e9sum\u00e9 :<\/h1>\n\n\n\n<blockquote class=\"wp-block-quote is-layout-flow wp-block-quote-is-layout-flow\">\n<p class=\"wp-block-paragraph\">Une directive de pr\u00e9processeur est une <strong>commande sp\u00e9ciale<\/strong>, commen\u00e7ant par <code>#<\/code>, qui <strong>modifie ton code source<\/strong> <strong>avant<\/strong> sa compilation.<\/p>\n<\/blockquote>\n","protected":false},"excerpt":{"rendered":"<p>\ud83d\udcd8 D\u00e9finition : directive de pr\u00e9processeur en C Une directive de pr\u00e9processeur en C est une instruction sp\u00e9ciale qui commence par # (di\u00e8se) et qui est trait\u00e9e avant la compilation, [&hellip;]<\/p>\n","protected":false},"author":1,"featured_media":0,"parent":0,"menu_order":0,"comment_status":"closed","ping_status":"closed","template":"","meta":{"_crdt_document":"","_uag_custom_page_level_css":"","footnotes":""},"class_list":["post-2518","page","type-page","status-publish","hentry"],"yoast_head":"<!-- This site is optimized with the Yoast SEO plugin v27.3 - https:\/\/yoast.com\/product\/yoast-seo-wordpress\/ -->\n<title>Directives de pr\u00e9processeur en C - workboot<\/title>\n<meta name=\"robots\" content=\"index, follow, max-snippet:-1, max-image-preview:large, max-video-preview:-1\" \/>\n<link rel=\"canonical\" href=\"https:\/\/workboot.fr\/ciela\/directives-de-preprocesseur-en-c\/\" \/>\n<meta property=\"og:locale\" content=\"fr_FR\" \/>\n<meta property=\"og:type\" content=\"article\" \/>\n<meta property=\"og:title\" content=\"Directives de pr\u00e9processeur en C - workboot\" \/>\n<meta property=\"og:description\" content=\"\ud83d\udcd8 D\u00e9finition : directive de pr\u00e9processeur en C Une directive de pr\u00e9processeur en C est une instruction sp\u00e9ciale qui commence par # (di\u00e8se) et qui est trait\u00e9e avant la compilation, [&hellip;]\" \/>\n<meta property=\"og:url\" content=\"https:\/\/workboot.fr\/ciela\/directives-de-preprocesseur-en-c\/\" \/>\n<meta property=\"og:site_name\" content=\"workboot\" \/>\n<meta property=\"article:modified_time\" content=\"2025-07-17T09:20:43+00:00\" \/>\n<meta name=\"twitter:label1\" content=\"Dur\u00e9e de lecture estim\u00e9e\" \/>\n\t<meta name=\"twitter:data1\" content=\"1 minute\" \/>\n<script type=\"application\/ld+json\" class=\"yoast-schema-graph\">{\"@context\":\"https:\\\/\\\/schema.org\",\"@graph\":[{\"@type\":\"WebPage\",\"@id\":\"https:\\\/\\\/workboot.fr\\\/ciela\\\/directives-de-preprocesseur-en-c\\\/\",\"url\":\"https:\\\/\\\/workboot.fr\\\/ciela\\\/directives-de-preprocesseur-en-c\\\/\",\"name\":\"Directives de pr\u00e9processeur en C - workboot\",\"isPartOf\":{\"@id\":\"https:\\\/\\\/workboot.fr\\\/ciela\\\/#website\"},\"datePublished\":\"2025-07-17T09:01:30+00:00\",\"dateModified\":\"2025-07-17T09:20:43+00:00\",\"inLanguage\":\"fr-FR\",\"potentialAction\":[{\"@type\":\"ReadAction\",\"target\":[\"https:\\\/\\\/workboot.fr\\\/ciela\\\/directives-de-preprocesseur-en-c\\\/\"]}]},{\"@type\":\"WebSite\",\"@id\":\"https:\\\/\\\/workboot.fr\\\/ciela\\\/#website\",\"url\":\"https:\\\/\\\/workboot.fr\\\/ciela\\\/\",\"name\":\"workboot\",\"description\":\"Open Source, Open Minds \",\"publisher\":{\"@id\":\"https:\\\/\\\/workboot.fr\\\/ciela\\\/#organization\"},\"potentialAction\":[{\"@type\":\"SearchAction\",\"target\":{\"@type\":\"EntryPoint\",\"urlTemplate\":\"https:\\\/\\\/workboot.fr\\\/ciela\\\/?s={search_term_string}\"},\"query-input\":{\"@type\":\"PropertyValueSpecification\",\"valueRequired\":true,\"valueName\":\"search_term_string\"}}],\"inLanguage\":\"fr-FR\"},{\"@type\":\"Organization\",\"@id\":\"https:\\\/\\\/workboot.fr\\\/ciela\\\/#organization\",\"name\":\"workboot\",\"url\":\"https:\\\/\\\/workboot.fr\\\/ciela\\\/\",\"logo\":{\"@type\":\"ImageObject\",\"inLanguage\":\"fr-FR\",\"@id\":\"https:\\\/\\\/workboot.fr\\\/ciela\\\/#\\\/schema\\\/logo\\\/image\\\/\",\"url\":\"https:\\\/\\\/workboot.fr\\\/ciela\\\/wp-content\\\/uploads\\\/2025\\\/05\\\/logo_ciel-dorian-1.png\",\"contentUrl\":\"https:\\\/\\\/workboot.fr\\\/ciela\\\/wp-content\\\/uploads\\\/2025\\\/05\\\/logo_ciel-dorian-1.png\",\"width\":1024,\"height\":950,\"caption\":\"workboot\"},\"image\":{\"@id\":\"https:\\\/\\\/workboot.fr\\\/ciela\\\/#\\\/schema\\\/logo\\\/image\\\/\"}}]}<\/script>\n<!-- \/ Yoast SEO plugin. -->","yoast_head_json":{"title":"Directives de pr\u00e9processeur en C - workboot","robots":{"index":"index","follow":"follow","max-snippet":"max-snippet:-1","max-image-preview":"max-image-preview:large","max-video-preview":"max-video-preview:-1"},"canonical":"https:\/\/workboot.fr\/ciela\/directives-de-preprocesseur-en-c\/","og_locale":"fr_FR","og_type":"article","og_title":"Directives de pr\u00e9processeur en C - workboot","og_description":"\ud83d\udcd8 D\u00e9finition : directive de pr\u00e9processeur en C Une directive de pr\u00e9processeur en C est une instruction sp\u00e9ciale qui commence par # (di\u00e8se) et qui est trait\u00e9e avant la compilation, [&hellip;]","og_url":"https:\/\/workboot.fr\/ciela\/directives-de-preprocesseur-en-c\/","og_site_name":"workboot","article_modified_time":"2025-07-17T09:20:43+00:00","twitter_misc":{"Dur\u00e9e de lecture estim\u00e9e":"1 minute"},"schema":{"@context":"https:\/\/schema.org","@graph":[{"@type":"WebPage","@id":"https:\/\/workboot.fr\/ciela\/directives-de-preprocesseur-en-c\/","url":"https:\/\/workboot.fr\/ciela\/directives-de-preprocesseur-en-c\/","name":"Directives de pr\u00e9processeur en C - workboot","isPartOf":{"@id":"https:\/\/workboot.fr\/ciela\/#website"},"datePublished":"2025-07-17T09:01:30+00:00","dateModified":"2025-07-17T09:20:43+00:00","inLanguage":"fr-FR","potentialAction":[{"@type":"ReadAction","target":["https:\/\/workboot.fr\/ciela\/directives-de-preprocesseur-en-c\/"]}]},{"@type":"WebSite","@id":"https:\/\/workboot.fr\/ciela\/#website","url":"https:\/\/workboot.fr\/ciela\/","name":"workboot","description":"Open Source, Open Minds ","publisher":{"@id":"https:\/\/workboot.fr\/ciela\/#organization"},"potentialAction":[{"@type":"SearchAction","target":{"@type":"EntryPoint","urlTemplate":"https:\/\/workboot.fr\/ciela\/?s={search_term_string}"},"query-input":{"@type":"PropertyValueSpecification","valueRequired":true,"valueName":"search_term_string"}}],"inLanguage":"fr-FR"},{"@type":"Organization","@id":"https:\/\/workboot.fr\/ciela\/#organization","name":"workboot","url":"https:\/\/workboot.fr\/ciela\/","logo":{"@type":"ImageObject","inLanguage":"fr-FR","@id":"https:\/\/workboot.fr\/ciela\/#\/schema\/logo\/image\/","url":"https:\/\/workboot.fr\/ciela\/wp-content\/uploads\/2025\/05\/logo_ciel-dorian-1.png","contentUrl":"https:\/\/workboot.fr\/ciela\/wp-content\/uploads\/2025\/05\/logo_ciel-dorian-1.png","width":1024,"height":950,"caption":"workboot"},"image":{"@id":"https:\/\/workboot.fr\/ciela\/#\/schema\/logo\/image\/"}}]}},"uagb_featured_image_src":{"full":false,"thumbnail":false,"medium":false,"medium_large":false,"large":false,"1536x1536":false,"2048x2048":false},"uagb_author_info":{"display_name":"admin","author_link":"https:\/\/workboot.fr\/ciela\/author\/admin\/"},"uagb_comment_info":0,"uagb_excerpt":"\ud83d\udcd8 D\u00e9finition : directive de pr\u00e9processeur en C Une directive de pr\u00e9processeur en C est une instruction sp\u00e9ciale qui commence par # (di\u00e8se) et qui est trait\u00e9e avant la compilation, [&hellip;]","_links":{"self":[{"href":"https:\/\/workboot.fr\/ciela\/wp-json\/wp\/v2\/pages\/2518","targetHints":{"allow":["GET"]}}],"collection":[{"href":"https:\/\/workboot.fr\/ciela\/wp-json\/wp\/v2\/pages"}],"about":[{"href":"https:\/\/workboot.fr\/ciela\/wp-json\/wp\/v2\/types\/page"}],"author":[{"embeddable":true,"href":"https:\/\/workboot.fr\/ciela\/wp-json\/wp\/v2\/users\/1"}],"replies":[{"embeddable":true,"href":"https:\/\/workboot.fr\/ciela\/wp-json\/wp\/v2\/comments?post=2518"}],"version-history":[{"count":4,"href":"https:\/\/workboot.fr\/ciela\/wp-json\/wp\/v2\/pages\/2518\/revisions"}],"predecessor-version":[{"id":2528,"href":"https:\/\/workboot.fr\/ciela\/wp-json\/wp\/v2\/pages\/2518\/revisions\/2528"}],"wp:attachment":[{"href":"https:\/\/workboot.fr\/ciela\/wp-json\/wp\/v2\/media?parent=2518"}],"curies":[{"name":"wp","href":"https:\/\/api.w.org\/{rel}","templated":true}]}}