{"id":3894,"date":"2025-09-07T16:17:28","date_gmt":"2025-09-07T15:17:28","guid":{"rendered":"https:\/\/workboot.fr\/ciela\/?page_id=3894"},"modified":"2025-12-29T16:00:38","modified_gmt":"2025-12-29T15:00:38","slug":"tp-c-images","status":"publish","type":"page","link":"https:\/\/workboot.fr\/ciela\/tp-c-images\/","title":{"rendered":"TP7_C Images"},"content":{"rendered":"\n<p class=\"wp-block-paragraph\"><a href=\"https:\/\/workboot.fr\/ciela\/l1-image-pbm\/\">Partie 1&nbsp;<\/a>3H<\/p>\n\n\n\n<p class=\"wp-block-paragraph\">Qu&rsquo;est ce que le format de fichier pbm<\/p>\n\n\n\n<p class=\"wp-block-paragraph\">Le bitmap , bmp (microsoft) , avec pertes et sans pertes, compressions .<\/p>\n\n\n\n<p class=\"wp-block-paragraph\">Cr\u00e9ations d&rsquo;images au format ASCII pbm non compress\u00e9 et compress\u00e9 (notion)<\/p>\n\n\n\n<p class=\"wp-block-paragraph\"><a href=\"https:\/\/workboot.fr\/ciela\/langage-c-creer-une-image-pbm\/\">Partie 2<\/a>&nbsp;3H<\/p>\n\n\n\n<p class=\"wp-block-paragraph\">utilisation de git a travers le proxy du lyc\u00e9e , pour r\u00e9cup\u00e9rer un petit projet .<\/p>\n\n\n\n<p class=\"wp-block-paragraph\">g\u00e9n\u00e9ration de fichiers images au format pbm ascii, en langage C ansi<\/p>\n\n\n\n<p class=\"wp-block-paragraph\">utilisation d&rsquo;un tableau de char a 2 dimensions<\/p>\n\n\n\n<p class=\"wp-block-paragraph\">Dessiner dans une image N&amp;B<\/p>\n\n\n\n<p class=\"wp-block-paragraph\"><a href=\"https:\/\/workboot.fr\/ciela\/des-fonctions-pour-dessiner\/\">Partie 3<\/a>\u00a0 6h<\/p>\n\n\n\n<p class=\"wp-block-paragraph\">cours sur les fichiers <a href=\"https:\/\/workboot.fr\/ciela\/open-close\/\">open<\/a><\/p>\n\n\n\n<p class=\"wp-block-paragraph\">cr\u00e9ations d&rsquo;images pbm ascii ,en C ansi.<\/p>\n\n\n\n<p class=\"wp-block-paragraph\">librairie de base pour dessiner en C ansi.<\/p>\n\n\n\n<p class=\"wp-block-paragraph\">Utilisation &nbsp; de l&rsquo;algorithme de&nbsp;<a href=\"https:\/\/en.wikipedia.org\/wiki\/Bresenham%27s_line_algorithm\">Bresenham<\/a> pour d\u00e9terminer la ligne droite d&rsquo;un point a un autre.<\/p>\n\n\n\n<p class=\"wp-block-paragraph\">Cr\u00e9ation de fonctions faites maison&nbsp;(librairie)&nbsp; , ici la lib \u00ab\u00a0dorianpbm\u00a0\u00bb<\/p>\n\n\n\n<p class=\"wp-block-paragraph\"><\/p>\n","protected":false},"excerpt":{"rendered":"<p>Partie 1&nbsp;3H Qu&rsquo;est ce que le format de fichier pbm Le bitmap , bmp (microsoft) , avec pertes et sans pertes, compressions . Cr\u00e9ations d&rsquo;images au format ASCII pbm non [&hellip;]<\/p>\n","protected":false},"author":1,"featured_media":0,"parent":0,"menu_order":0,"comment_status":"closed","ping_status":"closed","template":"","meta":{"_crdt_document":"","_uag_custom_page_level_css":"","footnotes":""},"class_list":["post-3894","page","type-page","status-publish","hentry"],"yoast_head":"<!-- This site is optimized with the Yoast SEO plugin v27.3 - https:\/\/yoast.com\/product\/yoast-seo-wordpress\/ -->\n<title>TP7_C Images - workboot<\/title>\n<meta name=\"robots\" content=\"index, follow, max-snippet:-1, max-image-preview:large, max-video-preview:-1\" \/>\n<link rel=\"canonical\" href=\"https:\/\/workboot.fr\/ciela\/tp-c-images\/\" \/>\n<meta property=\"og:locale\" content=\"fr_FR\" \/>\n<meta property=\"og:type\" content=\"article\" \/>\n<meta property=\"og:title\" content=\"TP7_C Images - workboot\" \/>\n<meta property=\"og:description\" content=\"Partie 1&nbsp;3H Qu&rsquo;est ce que le format de fichier pbm Le bitmap , bmp (microsoft) , avec pertes et sans pertes, compressions . Cr\u00e9ations d&rsquo;images au format ASCII pbm non [&hellip;]\" \/>\n<meta property=\"og:url\" content=\"https:\/\/workboot.fr\/ciela\/tp-c-images\/\" \/>\n<meta property=\"og:site_name\" content=\"workboot\" \/>\n<meta property=\"article:modified_time\" content=\"2025-12-29T15:00:38+00:00\" \/>\n<meta name=\"twitter:label1\" content=\"Dur\u00e9e de lecture estim\u00e9e\" \/>\n\t<meta name=\"twitter:data1\" content=\"1 minute\" \/>\n<script type=\"application\/ld+json\" class=\"yoast-schema-graph\">{\"@context\":\"https:\\\/\\\/schema.org\",\"@graph\":[{\"@type\":\"WebPage\",\"@id\":\"https:\\\/\\\/workboot.fr\\\/ciela\\\/tp-c-images\\\/\",\"url\":\"https:\\\/\\\/workboot.fr\\\/ciela\\\/tp-c-images\\\/\",\"name\":\"TP7_C Images - workboot\",\"isPartOf\":{\"@id\":\"https:\\\/\\\/workboot.fr\\\/ciela\\\/#website\"},\"datePublished\":\"2025-09-07T15:17:28+00:00\",\"dateModified\":\"2025-12-29T15:00:38+00:00\",\"inLanguage\":\"fr-FR\",\"potentialAction\":[{\"@type\":\"ReadAction\",\"target\":[\"https:\\\/\\\/workboot.fr\\\/ciela\\\/tp-c-images\\\/\"]}]},{\"@type\":\"WebSite\",\"@id\":\"https:\\\/\\\/workboot.fr\\\/ciela\\\/#website\",\"url\":\"https:\\\/\\\/workboot.fr\\\/ciela\\\/\",\"name\":\"workboot\",\"description\":\"Open Source, Open Minds \",\"publisher\":{\"@id\":\"https:\\\/\\\/workboot.fr\\\/ciela\\\/#organization\"},\"potentialAction\":[{\"@type\":\"SearchAction\",\"target\":{\"@type\":\"EntryPoint\",\"urlTemplate\":\"https:\\\/\\\/workboot.fr\\\/ciela\\\/?s={search_term_string}\"},\"query-input\":{\"@type\":\"PropertyValueSpecification\",\"valueRequired\":true,\"valueName\":\"search_term_string\"}}],\"inLanguage\":\"fr-FR\"},{\"@type\":\"Organization\",\"@id\":\"https:\\\/\\\/workboot.fr\\\/ciela\\\/#organization\",\"name\":\"workboot\",\"url\":\"https:\\\/\\\/workboot.fr\\\/ciela\\\/\",\"logo\":{\"@type\":\"ImageObject\",\"inLanguage\":\"fr-FR\",\"@id\":\"https:\\\/\\\/workboot.fr\\\/ciela\\\/#\\\/schema\\\/logo\\\/image\\\/\",\"url\":\"https:\\\/\\\/workboot.fr\\\/ciela\\\/wp-content\\\/uploads\\\/2025\\\/05\\\/logo_ciel-dorian-1.png\",\"contentUrl\":\"https:\\\/\\\/workboot.fr\\\/ciela\\\/wp-content\\\/uploads\\\/2025\\\/05\\\/logo_ciel-dorian-1.png\",\"width\":1024,\"height\":950,\"caption\":\"workboot\"},\"image\":{\"@id\":\"https:\\\/\\\/workboot.fr\\\/ciela\\\/#\\\/schema\\\/logo\\\/image\\\/\"}}]}<\/script>\n<!-- \/ Yoast SEO plugin. -->","yoast_head_json":{"title":"TP7_C Images - workboot","robots":{"index":"index","follow":"follow","max-snippet":"max-snippet:-1","max-image-preview":"max-image-preview:large","max-video-preview":"max-video-preview:-1"},"canonical":"https:\/\/workboot.fr\/ciela\/tp-c-images\/","og_locale":"fr_FR","og_type":"article","og_title":"TP7_C Images - workboot","og_description":"Partie 1&nbsp;3H Qu&rsquo;est ce que le format de fichier pbm Le bitmap , bmp (microsoft) , avec pertes et sans pertes, compressions . Cr\u00e9ations d&rsquo;images au format ASCII pbm non [&hellip;]","og_url":"https:\/\/workboot.fr\/ciela\/tp-c-images\/","og_site_name":"workboot","article_modified_time":"2025-12-29T15:00:38+00:00","twitter_misc":{"Dur\u00e9e de lecture estim\u00e9e":"1 minute"},"schema":{"@context":"https:\/\/schema.org","@graph":[{"@type":"WebPage","@id":"https:\/\/workboot.fr\/ciela\/tp-c-images\/","url":"https:\/\/workboot.fr\/ciela\/tp-c-images\/","name":"TP7_C Images - workboot","isPartOf":{"@id":"https:\/\/workboot.fr\/ciela\/#website"},"datePublished":"2025-09-07T15:17:28+00:00","dateModified":"2025-12-29T15:00:38+00:00","inLanguage":"fr-FR","potentialAction":[{"@type":"ReadAction","target":["https:\/\/workboot.fr\/ciela\/tp-c-images\/"]}]},{"@type":"WebSite","@id":"https:\/\/workboot.fr\/ciela\/#website","url":"https:\/\/workboot.fr\/ciela\/","name":"workboot","description":"Open Source, Open Minds ","publisher":{"@id":"https:\/\/workboot.fr\/ciela\/#organization"},"potentialAction":[{"@type":"SearchAction","target":{"@type":"EntryPoint","urlTemplate":"https:\/\/workboot.fr\/ciela\/?s={search_term_string}"},"query-input":{"@type":"PropertyValueSpecification","valueRequired":true,"valueName":"search_term_string"}}],"inLanguage":"fr-FR"},{"@type":"Organization","@id":"https:\/\/workboot.fr\/ciela\/#organization","name":"workboot","url":"https:\/\/workboot.fr\/ciela\/","logo":{"@type":"ImageObject","inLanguage":"fr-FR","@id":"https:\/\/workboot.fr\/ciela\/#\/schema\/logo\/image\/","url":"https:\/\/workboot.fr\/ciela\/wp-content\/uploads\/2025\/05\/logo_ciel-dorian-1.png","contentUrl":"https:\/\/workboot.fr\/ciela\/wp-content\/uploads\/2025\/05\/logo_ciel-dorian-1.png","width":1024,"height":950,"caption":"workboot"},"image":{"@id":"https:\/\/workboot.fr\/ciela\/#\/schema\/logo\/image\/"}}]}},"uagb_featured_image_src":{"full":false,"thumbnail":false,"medium":false,"medium_large":false,"large":false,"1536x1536":false,"2048x2048":false},"uagb_author_info":{"display_name":"admin","author_link":"https:\/\/workboot.fr\/ciela\/author\/admin\/"},"uagb_comment_info":0,"uagb_excerpt":"Partie 1&nbsp;3H Qu&rsquo;est ce que le format de fichier pbm Le bitmap , bmp (microsoft) , avec pertes et sans pertes, compressions . Cr\u00e9ations d&rsquo;images au format ASCII pbm non [&hellip;]","_links":{"self":[{"href":"https:\/\/workboot.fr\/ciela\/wp-json\/wp\/v2\/pages\/3894","targetHints":{"allow":["GET"]}}],"collection":[{"href":"https:\/\/workboot.fr\/ciela\/wp-json\/wp\/v2\/pages"}],"about":[{"href":"https:\/\/workboot.fr\/ciela\/wp-json\/wp\/v2\/types\/page"}],"author":[{"embeddable":true,"href":"https:\/\/workboot.fr\/ciela\/wp-json\/wp\/v2\/users\/1"}],"replies":[{"embeddable":true,"href":"https:\/\/workboot.fr\/ciela\/wp-json\/wp\/v2\/comments?post=3894"}],"version-history":[{"count":8,"href":"https:\/\/workboot.fr\/ciela\/wp-json\/wp\/v2\/pages\/3894\/revisions"}],"predecessor-version":[{"id":6001,"href":"https:\/\/workboot.fr\/ciela\/wp-json\/wp\/v2\/pages\/3894\/revisions\/6001"}],"wp:attachment":[{"href":"https:\/\/workboot.fr\/ciela\/wp-json\/wp\/v2\/media?parent=3894"}],"curies":[{"name":"wp","href":"https:\/\/api.w.org\/{rel}","templated":true}]}}