{"id":4199,"date":"2025-09-23T07:53:41","date_gmt":"2025-09-23T06:53:41","guid":{"rendered":"https:\/\/workboot.fr\/ciela\/?page_id=4199"},"modified":"2025-09-30T10:15:31","modified_gmt":"2025-09-30T09:15:31","slug":"arduino-2","status":"publish","type":"page","link":"https:\/\/workboot.fr\/ciela\/arduino-2\/","title":{"rendered":"Arduino 2.3.6"},"content":{"rendered":"\n<p class=\"wp-block-paragraph\">On va utiliser la version 2.2.1 ARDUINO 2 , car a partir de la version 2.3.6 , il y a un bug avec le PROXY <\/p>\n\n\n\n<p class=\"wp-block-paragraph\">Il faut ajouter l&rsquo;utilisateur (votre login) dans le group dialout<\/p>\n\n\n\n<pre class=\"wp-block-code\"><code>sudo usermod -a -G dialout $USER\nnewgrp dialout<\/code><\/pre>\n\n\n\n<p class=\"wp-block-paragraph\">V\u00e9rifier que vous y \u00eates bien!<\/p>\n\n\n\n<pre class=\"wp-block-code\"><code>dorian@ordi:~$ groups\ndorian adm dialout cdrom sudo dip plugdev lpadmin lxd sambashare<\/code><\/pre>\n\n\n\n<p class=\"wp-block-paragraph\">Cr\u00e9er le r\u00e9pertoire Arduino2 dans Softs <\/p>\n\n\n\n<pre class=\"wp-block-code\"><code>cd\nmkdir -p Softs\/Arduino2<\/code><\/pre>\n\n\n\n<p class=\"wp-block-paragraph\">T\u00e9l\u00e9charger l&rsquo;archive suivante<\/p>\n\n\n\n<p class=\"wp-block-paragraph\"><a href=\"https:\/\/workboot.fr\/Download\/Arduino\/arduino-ide_2.3.6_Linux_64bit.zip\">https:\/\/workboot.fr\/Download\/Arduino\/arduino-ide_2.3.6_Linux_64bit.zip<\/a><\/p>\n\n\n\n<p class=\"wp-block-paragraph\">Copier le dans le r\u00e9pertoire Arduino2<\/p>\n\n\n\n<pre class=\"wp-block-code\"><code>cp ~\/T\u00e9l\u00e8chargement\/arduino-ide_2.3.6_Linux_64bit.zip ~\/Softs\/Arduino2<\/code><\/pre>\n\n\n\n<p class=\"wp-block-paragraph\">Ensuite d\u00e9compresser l&rsquo;archive, et tenter un premier d\u00e9marrage<\/p>\n\n\n\n<pre class=\"wp-block-code\"><code>cd ~\/Softs\/Arduino2\nunzip arduino-ide_2.3.6_Linux_64bit.zip\ncd arduino-ide_2.3.6_Linux_64bit\n.\/arduino-ide<\/code><\/pre>\n\n\n\n<p class=\"wp-block-paragraph\">ca va mouliner ! le proxy bloque , quitter le logiciel<\/p>\n\n\n\n<p class=\"wp-block-paragraph\">mise en place du proxy<\/p>\n\n\n\n<pre class=\"wp-block-code\"><code>#rajouter ces lignes dans \nvi ~\/.arduinoIDE\/arduino-cli.yaml<\/code><\/pre>\n\n\n\n<p class=\"wp-block-paragraph\">arduino-cli.yaml<\/p>\n\n\n\n<pre class=\"wp-block-code\"><code>network:\n    proxy: http:\/\/10.0.0.1:3128\/\n    user_agent_ext: daemon<\/code><\/pre>\n\n\n\n<p class=\"wp-block-paragraph\">on va relancer le logiciel encore une fois en lui indiquant le fichier yaml<\/p>\n\n\n\n<pre class=\"wp-block-code\"><code>dorian@ordi:~\/Softs\/Arduino2\/arduino-ide_2.3.6_Linux_64bit$ .\/arduino-ide ~\/.arduinoIDE\/arduino-cli.yaml<\/code><\/pre>\n\n\n\n<p class=\"wp-block-paragraph\">on acc\u00e8de au menu .. Fichier\/Pr\u00e9f\u00e9rence <\/p>\n\n\n\n<p class=\"wp-block-paragraph\">et r\u00e9gler ainsi le proxy <\/p>\n\n\n\n<figure class=\"wp-block-image size-large\"><a href=\"https:\/\/workboot.fr\/ciela\/wp-content\/uploads\/2025\/09\/proxy_arduino2.png\"><img loading=\"lazy\" decoding=\"async\" width=\"1024\" height=\"609\" src=\"https:\/\/workboot.fr\/ciela\/wp-content\/uploads\/2025\/09\/proxy_arduino2-1024x609.png\" alt=\"\" class=\"wp-image-4261\" srcset=\"https:\/\/workboot.fr\/ciela\/wp-content\/uploads\/2025\/09\/proxy_arduino2-1024x609.png 1024w, https:\/\/workboot.fr\/ciela\/wp-content\/uploads\/2025\/09\/proxy_arduino2-300x179.png 300w, https:\/\/workboot.fr\/ciela\/wp-content\/uploads\/2025\/09\/proxy_arduino2-768x457.png 768w, https:\/\/workboot.fr\/ciela\/wp-content\/uploads\/2025\/09\/proxy_arduino2.png 1282w\" sizes=\"auto, (max-width: 1024px) 100vw, 1024px\" \/><\/a><\/figure>\n\n\n\n<p class=\"wp-block-paragraph\">Quitter et maintenant votre arduino2 fonctionne au lyc\u00e9e<\/p>\n\n\n\n<p class=\"wp-block-paragraph\">~\/Softs\/Arduino2\/arduino-ide_2.3.6_Linux_64bit$ .\/arduino-ide<\/p>\n\n\n\n<p class=\"wp-block-paragraph\">au lyc\u00e9e \u00e0 cause du proxy des dysfonctionnement peuvent appara\u00eetre . (l&rsquo;\u00e9quipe arduino serait sur le coup , vivement que \u00e7a se r\u00e9solve)<\/p>\n\n\n\n<p class=\"wp-block-paragraph\">la solution est de lancer une version ant\u00e9rieur .. une fois et \u00e7a r\u00e9sous le probl\u00e8me<\/p>\n\n\n\n<p class=\"wp-block-paragraph\">installer fuse , pour l&rsquo;appimage<\/p>\n\n\n\n<pre class=\"wp-block-code\"><code>sudo apt update &amp;&amp; sudo apt install fuse <\/code><\/pre>\n\n\n\n<p class=\"wp-block-paragraph\"><a href=\"https:\/\/workboot.fr\/Download\/Arduino\/arduino-ide_2.2.1_Linux_64bit.AppImage\">https:\/\/workboot.fr\/Download\/Arduino\/arduino-ide_2.2.1_Linux_64bit.AppImage<\/a><\/p>\n\n\n\n<p class=\"wp-block-paragraph\">le placer dans le r\u00e9pertoire Arduino2 , le rendre ex\u00e9cutable , le lancer &#8230;et croiser les doigts!<\/p>\n\n\n\n<p class=\"wp-block-paragraph\">A priori chez moi , la version 2.3.6 (derni\u00e8re devient fonctionnelle)<\/p>\n","protected":false},"excerpt":{"rendered":"<p>On va utiliser la version 2.2.1 ARDUINO 2 , car a partir de la version 2.3.6 , il y a un bug avec le PROXY Il faut ajouter l&rsquo;utilisateur (votre [&hellip;]<\/p>\n","protected":false},"author":1,"featured_media":0,"parent":0,"menu_order":0,"comment_status":"closed","ping_status":"closed","template":"","meta":{"_crdt_document":"","_uag_custom_page_level_css":"","footnotes":""},"class_list":["post-4199","page","type-page","status-publish","hentry"],"yoast_head":"<!-- This site is optimized with the Yoast SEO plugin v27.3 - https:\/\/yoast.com\/product\/yoast-seo-wordpress\/ -->\n<title>Arduino 2.3.6 - workboot<\/title>\n<meta name=\"robots\" content=\"index, follow, max-snippet:-1, max-image-preview:large, max-video-preview:-1\" \/>\n<link rel=\"canonical\" href=\"https:\/\/workboot.fr\/ciela\/arduino-2\/\" \/>\n<meta property=\"og:locale\" content=\"fr_FR\" \/>\n<meta property=\"og:type\" content=\"article\" \/>\n<meta property=\"og:title\" content=\"Arduino 2.3.6 - workboot\" \/>\n<meta property=\"og:description\" content=\"On va utiliser la version 2.2.1 ARDUINO 2 , car a partir de la version 2.3.6 , il y a un bug avec le PROXY Il faut ajouter l&rsquo;utilisateur (votre [&hellip;]\" \/>\n<meta property=\"og:url\" content=\"https:\/\/workboot.fr\/ciela\/arduino-2\/\" \/>\n<meta property=\"og:site_name\" content=\"workboot\" \/>\n<meta property=\"article:modified_time\" content=\"2025-09-30T09:15:31+00:00\" \/>\n<meta property=\"og:image\" content=\"https:\/\/workboot.fr\/ciela\/wp-content\/uploads\/2025\/09\/proxy_arduino2.png\" \/>\n\t<meta property=\"og:image:width\" content=\"1282\" \/>\n\t<meta property=\"og:image:height\" content=\"763\" \/>\n\t<meta property=\"og:image:type\" content=\"image\/png\" \/>\n<meta name=\"twitter:label1\" content=\"Dur\u00e9e de lecture estim\u00e9e\" \/>\n\t<meta name=\"twitter:data1\" content=\"2 minutes\" \/>\n<script type=\"application\/ld+json\" class=\"yoast-schema-graph\">{\"@context\":\"https:\\\/\\\/schema.org\",\"@graph\":[{\"@type\":\"WebPage\",\"@id\":\"https:\\\/\\\/workboot.fr\\\/ciela\\\/arduino-2\\\/\",\"url\":\"https:\\\/\\\/workboot.fr\\\/ciela\\\/arduino-2\\\/\",\"name\":\"Arduino 2.3.6 - workboot\",\"isPartOf\":{\"@id\":\"https:\\\/\\\/workboot.fr\\\/ciela\\\/#website\"},\"primaryImageOfPage\":{\"@id\":\"https:\\\/\\\/workboot.fr\\\/ciela\\\/arduino-2\\\/#primaryimage\"},\"image\":{\"@id\":\"https:\\\/\\\/workboot.fr\\\/ciela\\\/arduino-2\\\/#primaryimage\"},\"thumbnailUrl\":\"https:\\\/\\\/workboot.fr\\\/ciela\\\/wp-content\\\/uploads\\\/2025\\\/09\\\/proxy_arduino2-1024x609.png\",\"datePublished\":\"2025-09-23T06:53:41+00:00\",\"dateModified\":\"2025-09-30T09:15:31+00:00\",\"inLanguage\":\"fr-FR\",\"potentialAction\":[{\"@type\":\"ReadAction\",\"target\":[\"https:\\\/\\\/workboot.fr\\\/ciela\\\/arduino-2\\\/\"]}]},{\"@type\":\"ImageObject\",\"inLanguage\":\"fr-FR\",\"@id\":\"https:\\\/\\\/workboot.fr\\\/ciela\\\/arduino-2\\\/#primaryimage\",\"url\":\"https:\\\/\\\/workboot.fr\\\/ciela\\\/wp-content\\\/uploads\\\/2025\\\/09\\\/proxy_arduino2.png\",\"contentUrl\":\"https:\\\/\\\/workboot.fr\\\/ciela\\\/wp-content\\\/uploads\\\/2025\\\/09\\\/proxy_arduino2.png\",\"width\":1282,\"height\":763},{\"@type\":\"WebSite\",\"@id\":\"https:\\\/\\\/workboot.fr\\\/ciela\\\/#website\",\"url\":\"https:\\\/\\\/workboot.fr\\\/ciela\\\/\",\"name\":\"workboot\",\"description\":\"Open Source, Open Minds \",\"publisher\":{\"@id\":\"https:\\\/\\\/workboot.fr\\\/ciela\\\/#organization\"},\"potentialAction\":[{\"@type\":\"SearchAction\",\"target\":{\"@type\":\"EntryPoint\",\"urlTemplate\":\"https:\\\/\\\/workboot.fr\\\/ciela\\\/?s={search_term_string}\"},\"query-input\":{\"@type\":\"PropertyValueSpecification\",\"valueRequired\":true,\"valueName\":\"search_term_string\"}}],\"inLanguage\":\"fr-FR\"},{\"@type\":\"Organization\",\"@id\":\"https:\\\/\\\/workboot.fr\\\/ciela\\\/#organization\",\"name\":\"workboot\",\"url\":\"https:\\\/\\\/workboot.fr\\\/ciela\\\/\",\"logo\":{\"@type\":\"ImageObject\",\"inLanguage\":\"fr-FR\",\"@id\":\"https:\\\/\\\/workboot.fr\\\/ciela\\\/#\\\/schema\\\/logo\\\/image\\\/\",\"url\":\"https:\\\/\\\/workboot.fr\\\/ciela\\\/wp-content\\\/uploads\\\/2025\\\/05\\\/logo_ciel-dorian-1.png\",\"contentUrl\":\"https:\\\/\\\/workboot.fr\\\/ciela\\\/wp-content\\\/uploads\\\/2025\\\/05\\\/logo_ciel-dorian-1.png\",\"width\":1024,\"height\":950,\"caption\":\"workboot\"},\"image\":{\"@id\":\"https:\\\/\\\/workboot.fr\\\/ciela\\\/#\\\/schema\\\/logo\\\/image\\\/\"}}]}<\/script>\n<!-- \/ Yoast SEO plugin. -->","yoast_head_json":{"title":"Arduino 2.3.6 - workboot","robots":{"index":"index","follow":"follow","max-snippet":"max-snippet:-1","max-image-preview":"max-image-preview:large","max-video-preview":"max-video-preview:-1"},"canonical":"https:\/\/workboot.fr\/ciela\/arduino-2\/","og_locale":"fr_FR","og_type":"article","og_title":"Arduino 2.3.6 - workboot","og_description":"On va utiliser la version 2.2.1 ARDUINO 2 , car a partir de la version 2.3.6 , il y a un bug avec le PROXY Il faut ajouter l&rsquo;utilisateur (votre [&hellip;]","og_url":"https:\/\/workboot.fr\/ciela\/arduino-2\/","og_site_name":"workboot","article_modified_time":"2025-09-30T09:15:31+00:00","og_image":[{"width":1282,"height":763,"url":"https:\/\/workboot.fr\/ciela\/wp-content\/uploads\/2025\/09\/proxy_arduino2.png","type":"image\/png"}],"twitter_misc":{"Dur\u00e9e de lecture estim\u00e9e":"2 minutes"},"schema":{"@context":"https:\/\/schema.org","@graph":[{"@type":"WebPage","@id":"https:\/\/workboot.fr\/ciela\/arduino-2\/","url":"https:\/\/workboot.fr\/ciela\/arduino-2\/","name":"Arduino 2.3.6 - workboot","isPartOf":{"@id":"https:\/\/workboot.fr\/ciela\/#website"},"primaryImageOfPage":{"@id":"https:\/\/workboot.fr\/ciela\/arduino-2\/#primaryimage"},"image":{"@id":"https:\/\/workboot.fr\/ciela\/arduino-2\/#primaryimage"},"thumbnailUrl":"https:\/\/workboot.fr\/ciela\/wp-content\/uploads\/2025\/09\/proxy_arduino2-1024x609.png","datePublished":"2025-09-23T06:53:41+00:00","dateModified":"2025-09-30T09:15:31+00:00","inLanguage":"fr-FR","potentialAction":[{"@type":"ReadAction","target":["https:\/\/workboot.fr\/ciela\/arduino-2\/"]}]},{"@type":"ImageObject","inLanguage":"fr-FR","@id":"https:\/\/workboot.fr\/ciela\/arduino-2\/#primaryimage","url":"https:\/\/workboot.fr\/ciela\/wp-content\/uploads\/2025\/09\/proxy_arduino2.png","contentUrl":"https:\/\/workboot.fr\/ciela\/wp-content\/uploads\/2025\/09\/proxy_arduino2.png","width":1282,"height":763},{"@type":"WebSite","@id":"https:\/\/workboot.fr\/ciela\/#website","url":"https:\/\/workboot.fr\/ciela\/","name":"workboot","description":"Open Source, Open Minds ","publisher":{"@id":"https:\/\/workboot.fr\/ciela\/#organization"},"potentialAction":[{"@type":"SearchAction","target":{"@type":"EntryPoint","urlTemplate":"https:\/\/workboot.fr\/ciela\/?s={search_term_string}"},"query-input":{"@type":"PropertyValueSpecification","valueRequired":true,"valueName":"search_term_string"}}],"inLanguage":"fr-FR"},{"@type":"Organization","@id":"https:\/\/workboot.fr\/ciela\/#organization","name":"workboot","url":"https:\/\/workboot.fr\/ciela\/","logo":{"@type":"ImageObject","inLanguage":"fr-FR","@id":"https:\/\/workboot.fr\/ciela\/#\/schema\/logo\/image\/","url":"https:\/\/workboot.fr\/ciela\/wp-content\/uploads\/2025\/05\/logo_ciel-dorian-1.png","contentUrl":"https:\/\/workboot.fr\/ciela\/wp-content\/uploads\/2025\/05\/logo_ciel-dorian-1.png","width":1024,"height":950,"caption":"workboot"},"image":{"@id":"https:\/\/workboot.fr\/ciela\/#\/schema\/logo\/image\/"}}]}},"uagb_featured_image_src":{"full":false,"thumbnail":false,"medium":false,"medium_large":false,"large":false,"1536x1536":false,"2048x2048":false},"uagb_author_info":{"display_name":"admin","author_link":"https:\/\/workboot.fr\/ciela\/author\/admin\/"},"uagb_comment_info":0,"uagb_excerpt":"On va utiliser la version 2.2.1 ARDUINO 2 , car a partir de la version 2.3.6 , il y a un bug avec le PROXY Il faut ajouter l&rsquo;utilisateur (votre [&hellip;]","_links":{"self":[{"href":"https:\/\/workboot.fr\/ciela\/wp-json\/wp\/v2\/pages\/4199","targetHints":{"allow":["GET"]}}],"collection":[{"href":"https:\/\/workboot.fr\/ciela\/wp-json\/wp\/v2\/pages"}],"about":[{"href":"https:\/\/workboot.fr\/ciela\/wp-json\/wp\/v2\/types\/page"}],"author":[{"embeddable":true,"href":"https:\/\/workboot.fr\/ciela\/wp-json\/wp\/v2\/users\/1"}],"replies":[{"embeddable":true,"href":"https:\/\/workboot.fr\/ciela\/wp-json\/wp\/v2\/comments?post=4199"}],"version-history":[{"count":20,"href":"https:\/\/workboot.fr\/ciela\/wp-json\/wp\/v2\/pages\/4199\/revisions"}],"predecessor-version":[{"id":4355,"href":"https:\/\/workboot.fr\/ciela\/wp-json\/wp\/v2\/pages\/4199\/revisions\/4355"}],"wp:attachment":[{"href":"https:\/\/workboot.fr\/ciela\/wp-json\/wp\/v2\/media?parent=4199"}],"curies":[{"name":"wp","href":"https:\/\/api.w.org\/{rel}","templated":true}]}}