{"id":4301,"date":"2025-09-29T07:48:13","date_gmt":"2025-09-29T06:48:13","guid":{"rendered":"https:\/\/workboot.fr\/ciela\/?page_id=4301"},"modified":"2025-11-19T16:13:32","modified_gmt":"2025-11-19T15:13:32","slug":"dev-sous-debian-ubuntu","status":"publish","type":"page","link":"https:\/\/workboot.fr\/ciela\/dev-sous-debian-ubuntu\/","title":{"rendered":"Dev sous Debian \/ Ubuntu"},"content":{"rendered":"\n<nav aria-label=\"Table des mati\u00e8res\" class=\"wp-block-table-of-contents\"><ol><li><a class=\"wp-block-table-of-contents__entry\" href=\"https:\/\/workboot.fr\/ciela\/dev-sous-debian-ubuntu\/#condition-de-depart\">Condition de d\u00e9part<\/a><\/li><li><a class=\"wp-block-table-of-contents__entry\" href=\"https:\/\/workboot.fr\/ciela\/dev-sous-debian-ubuntu\/#ajouter-l-utilisateur-etudiant-au-groupe-www-data\">Ajouter l\u2019utilisateur etudiant au groupe www-data<\/a><\/li><li><a class=\"wp-block-table-of-contents__entry\" href=\"https:\/\/workboot.fr\/ciela\/dev-sous-debian-ubuntu\/#configurer-les-permissions-des-dossiers-web\">Configurer les permissions des dossiers web<\/a><\/li><li><a class=\"wp-block-table-of-contents__entry\" href=\"https:\/\/workboot.fr\/ciela\/dev-sous-debian-ubuntu\/#pour-un-repertoire-personnalise-recommande\">Pour un r\u00e9pertoire personnalis\u00e9 (recommand\u00e9) :<\/a><\/li><li><a class=\"wp-block-table-of-contents__entry\" href=\"https:\/\/workboot.fr\/ciela\/dev-sous-debian-ubuntu\/#configuration-apache-pour-le-site-de-l-etudiant\">Configuration Apache pour le site de l\u2019\u00e9tudiant<\/a><\/li><\/ol><\/nav>\n\n\n\n<h2 class=\"wp-block-heading\" id=\"condition-de-depart\">Condition de d\u00e9part<\/h2>\n\n\n\n<p class=\"wp-block-paragraph\">Nous allons ici , lancer une installation propre pour faire du d\u00e9veloppement WEB sur votre machine, on va partir du principe que etudiant est le login de l&rsquo;utilisateur et www-data est le groupe autoris\u00e9 au d\u00e9veloppement WEB<\/p>\n\n\n\n<p class=\"wp-block-paragraph\">Il existe un group www-data , pour les d\u00e9veloppeurs web sous Debian \/ Ubuntu<\/p>\n\n\n\n<p class=\"wp-block-paragraph\">Le site est par d\u00e9faut dans <strong>\/var\/www\/html<\/strong><\/p>\n\n\n\n<h2 class=\"wp-block-heading\" id=\"ajouter-l-utilisateur-etudiant-au-groupe-www-data\">Ajouter l\u2019utilisateur etudiant au groupe www-data<\/h2>\n\n\n\n<pre class=\"EnlighterJSRAW\" data-enlighter-language=\"generic\" data-enlighter-theme=\"\" data-enlighter-highlight=\"\" data-enlighter-linenumbers=\"\" data-enlighter-lineoffset=\"\" data-enlighter-title=\"\" data-enlighter-group=\"\"># ajouter etudiant dans le groupe www-data\nsudo usermod -a -G www-data etudiant\nnewgrp www-data<\/pre>\n\n\n\n<h2 class=\"wp-block-heading\" id=\"configurer-les-permissions-des-dossiers-web\">Configurer les permissions des dossiers web<\/h2>\n\n\n\n<pre class=\"EnlighterJSRAW\" data-enlighter-language=\"generic\" data-enlighter-theme=\"\" data-enlighter-highlight=\"\" data-enlighter-linenumbers=\"\" data-enlighter-lineoffset=\"\" data-enlighter-title=\"\" data-enlighter-group=\"\"># Donner la propri\u00e9t\u00e9 \u00e0 www-data avec acc\u00e8s en \u00e9criture pour le groupe\nsudo chown -R www-data:www-data \/var\/www\/html\nsudo chmod -R 775 \/var\/www\/html\n\n# Ajouter l'utilisateur \u00e9tudiant au groupe www-data\nsudo usermod -a -G www-data etudiant<\/pre>\n\n\n\n<h2 class=\"wp-block-heading\" id=\"pour-un-repertoire-personnalise-recommande\">Pour un r\u00e9pertoire personnalis\u00e9 (recommand\u00e9) :<\/h2>\n\n\n\n<pre class=\"EnlighterJSRAW\" data-enlighter-language=\"generic\" data-enlighter-theme=\"\" data-enlighter-highlight=\"\" data-enlighter-linenumbers=\"\" data-enlighter-lineoffset=\"\" data-enlighter-title=\"\" data-enlighter-group=\"\"># Cr\u00e9er un r\u00e9pertoire dans le home de l'\u00e9tudiant\nmkdir \/home\/etudiant\/www\nsudo chown etudiant:www-data \/home\/etudiant\/www\nchmod 775 \/home\/etudiant\/www<\/pre>\n\n\n\n<h2 class=\"wp-block-heading\" id=\"configuration-apache-pour-le-site-de-l-etudiant\">Configuration Apache pour le site de l\u2019\u00e9tudiant<\/h2>\n\n\n\n<pre class=\"EnlighterJSRAW\" data-enlighter-language=\"generic\" data-enlighter-theme=\"\" data-enlighter-highlight=\"\" data-enlighter-linenumbers=\"\" data-enlighter-lineoffset=\"\" data-enlighter-title=\"\" data-enlighter-group=\"\">sudo vi \/etc\/apache2\/sites-available\/etudiant.conf<\/pre>\n\n\n\n<pre class=\"EnlighterJSRAW\" data-enlighter-language=\"generic\" data-enlighter-theme=\"\" data-enlighter-highlight=\"\" data-enlighter-linenumbers=\"\" data-enlighter-lineoffset=\"\" data-enlighter-title=\"\" data-enlighter-group=\"\">&lt;VirtualHost *:80>\n    ServerName etudiant.local\n    DocumentRoot \/home\/etudiant\/www\n    \n    &lt;Directory \/home\/etudiant\/www>\n        Options Indexes FollowSymLinks\n        AllowOverride All\n        Require all granted\n    &lt;\/Directory>\n    \n    ErrorLog ${APACHE_LOG_DIR}\/etudiant_error.log\n    CustomLog ${APACHE_LOG_DIR}\/etudiant_access.log combined\n&lt;\/VirtualHost><\/pre>\n\n\n\n<p class=\"wp-block-paragraph\">activer le site<\/p>\n\n\n\n<pre class=\"EnlighterJSRAW\" data-enlighter-language=\"generic\" data-enlighter-theme=\"\" data-enlighter-highlight=\"\" data-enlighter-linenumbers=\"\" data-enlighter-lineoffset=\"\" data-enlighter-title=\"\" data-enlighter-group=\"\">sudo a2ensite etudiant.conf\nsudo systemctl reload apache2<\/pre>\n","protected":false},"excerpt":{"rendered":"<p>Condition de d\u00e9part Nous allons ici , lancer une installation propre pour faire du d\u00e9veloppement WEB sur votre machine, on va partir du principe que etudiant est le login de [&hellip;]<\/p>\n","protected":false},"author":1,"featured_media":0,"parent":0,"menu_order":0,"comment_status":"closed","ping_status":"closed","template":"","meta":{"_crdt_document":"","_uag_custom_page_level_css":"","footnotes":""},"class_list":["post-4301","page","type-page","status-publish","hentry"],"yoast_head":"<!-- This site is optimized with the Yoast SEO plugin v27.3 - https:\/\/yoast.com\/product\/yoast-seo-wordpress\/ -->\n<title>Dev sous Debian \/ Ubuntu - workboot<\/title>\n<meta name=\"robots\" content=\"index, follow, max-snippet:-1, max-image-preview:large, max-video-preview:-1\" \/>\n<link rel=\"canonical\" href=\"https:\/\/workboot.fr\/ciela\/dev-sous-debian-ubuntu\/\" \/>\n<meta property=\"og:locale\" content=\"fr_FR\" \/>\n<meta property=\"og:type\" content=\"article\" \/>\n<meta property=\"og:title\" content=\"Dev sous Debian \/ Ubuntu - workboot\" \/>\n<meta property=\"og:description\" content=\"Condition de d\u00e9part Nous allons ici , lancer une installation propre pour faire du d\u00e9veloppement WEB sur votre machine, on va partir du principe que etudiant est le login de [&hellip;]\" \/>\n<meta property=\"og:url\" content=\"https:\/\/workboot.fr\/ciela\/dev-sous-debian-ubuntu\/\" \/>\n<meta property=\"og:site_name\" content=\"workboot\" \/>\n<meta property=\"article:modified_time\" content=\"2025-11-19T15:13:32+00:00\" \/>\n<meta name=\"twitter:label1\" content=\"Dur\u00e9e de lecture estim\u00e9e\" \/>\n\t<meta name=\"twitter:data1\" content=\"1 minute\" \/>\n<script type=\"application\/ld+json\" class=\"yoast-schema-graph\">{\"@context\":\"https:\\\/\\\/schema.org\",\"@graph\":[{\"@type\":\"WebPage\",\"@id\":\"https:\\\/\\\/workboot.fr\\\/ciela\\\/dev-sous-debian-ubuntu\\\/\",\"url\":\"https:\\\/\\\/workboot.fr\\\/ciela\\\/dev-sous-debian-ubuntu\\\/\",\"name\":\"Dev sous Debian \\\/ Ubuntu - workboot\",\"isPartOf\":{\"@id\":\"https:\\\/\\\/workboot.fr\\\/ciela\\\/#website\"},\"datePublished\":\"2025-09-29T06:48:13+00:00\",\"dateModified\":\"2025-11-19T15:13:32+00:00\",\"inLanguage\":\"fr-FR\",\"potentialAction\":[{\"@type\":\"ReadAction\",\"target\":[\"https:\\\/\\\/workboot.fr\\\/ciela\\\/dev-sous-debian-ubuntu\\\/\"]}]},{\"@type\":\"WebSite\",\"@id\":\"https:\\\/\\\/workboot.fr\\\/ciela\\\/#website\",\"url\":\"https:\\\/\\\/workboot.fr\\\/ciela\\\/\",\"name\":\"workboot\",\"description\":\"Open Source, Open Minds \",\"publisher\":{\"@id\":\"https:\\\/\\\/workboot.fr\\\/ciela\\\/#organization\"},\"potentialAction\":[{\"@type\":\"SearchAction\",\"target\":{\"@type\":\"EntryPoint\",\"urlTemplate\":\"https:\\\/\\\/workboot.fr\\\/ciela\\\/?s={search_term_string}\"},\"query-input\":{\"@type\":\"PropertyValueSpecification\",\"valueRequired\":true,\"valueName\":\"search_term_string\"}}],\"inLanguage\":\"fr-FR\"},{\"@type\":\"Organization\",\"@id\":\"https:\\\/\\\/workboot.fr\\\/ciela\\\/#organization\",\"name\":\"workboot\",\"url\":\"https:\\\/\\\/workboot.fr\\\/ciela\\\/\",\"logo\":{\"@type\":\"ImageObject\",\"inLanguage\":\"fr-FR\",\"@id\":\"https:\\\/\\\/workboot.fr\\\/ciela\\\/#\\\/schema\\\/logo\\\/image\\\/\",\"url\":\"https:\\\/\\\/workboot.fr\\\/ciela\\\/wp-content\\\/uploads\\\/2025\\\/05\\\/logo_ciel-dorian-1.png\",\"contentUrl\":\"https:\\\/\\\/workboot.fr\\\/ciela\\\/wp-content\\\/uploads\\\/2025\\\/05\\\/logo_ciel-dorian-1.png\",\"width\":1024,\"height\":950,\"caption\":\"workboot\"},\"image\":{\"@id\":\"https:\\\/\\\/workboot.fr\\\/ciela\\\/#\\\/schema\\\/logo\\\/image\\\/\"}}]}<\/script>\n<!-- \/ Yoast SEO plugin. -->","yoast_head_json":{"title":"Dev sous Debian \/ Ubuntu - workboot","robots":{"index":"index","follow":"follow","max-snippet":"max-snippet:-1","max-image-preview":"max-image-preview:large","max-video-preview":"max-video-preview:-1"},"canonical":"https:\/\/workboot.fr\/ciela\/dev-sous-debian-ubuntu\/","og_locale":"fr_FR","og_type":"article","og_title":"Dev sous Debian \/ Ubuntu - workboot","og_description":"Condition de d\u00e9part Nous allons ici , lancer une installation propre pour faire du d\u00e9veloppement WEB sur votre machine, on va partir du principe que etudiant est le login de [&hellip;]","og_url":"https:\/\/workboot.fr\/ciela\/dev-sous-debian-ubuntu\/","og_site_name":"workboot","article_modified_time":"2025-11-19T15:13:32+00:00","twitter_misc":{"Dur\u00e9e de lecture estim\u00e9e":"1 minute"},"schema":{"@context":"https:\/\/schema.org","@graph":[{"@type":"WebPage","@id":"https:\/\/workboot.fr\/ciela\/dev-sous-debian-ubuntu\/","url":"https:\/\/workboot.fr\/ciela\/dev-sous-debian-ubuntu\/","name":"Dev sous Debian \/ Ubuntu - workboot","isPartOf":{"@id":"https:\/\/workboot.fr\/ciela\/#website"},"datePublished":"2025-09-29T06:48:13+00:00","dateModified":"2025-11-19T15:13:32+00:00","inLanguage":"fr-FR","potentialAction":[{"@type":"ReadAction","target":["https:\/\/workboot.fr\/ciela\/dev-sous-debian-ubuntu\/"]}]},{"@type":"WebSite","@id":"https:\/\/workboot.fr\/ciela\/#website","url":"https:\/\/workboot.fr\/ciela\/","name":"workboot","description":"Open Source, Open Minds ","publisher":{"@id":"https:\/\/workboot.fr\/ciela\/#organization"},"potentialAction":[{"@type":"SearchAction","target":{"@type":"EntryPoint","urlTemplate":"https:\/\/workboot.fr\/ciela\/?s={search_term_string}"},"query-input":{"@type":"PropertyValueSpecification","valueRequired":true,"valueName":"search_term_string"}}],"inLanguage":"fr-FR"},{"@type":"Organization","@id":"https:\/\/workboot.fr\/ciela\/#organization","name":"workboot","url":"https:\/\/workboot.fr\/ciela\/","logo":{"@type":"ImageObject","inLanguage":"fr-FR","@id":"https:\/\/workboot.fr\/ciela\/#\/schema\/logo\/image\/","url":"https:\/\/workboot.fr\/ciela\/wp-content\/uploads\/2025\/05\/logo_ciel-dorian-1.png","contentUrl":"https:\/\/workboot.fr\/ciela\/wp-content\/uploads\/2025\/05\/logo_ciel-dorian-1.png","width":1024,"height":950,"caption":"workboot"},"image":{"@id":"https:\/\/workboot.fr\/ciela\/#\/schema\/logo\/image\/"}}]}},"uagb_featured_image_src":{"full":false,"thumbnail":false,"medium":false,"medium_large":false,"large":false,"1536x1536":false,"2048x2048":false},"uagb_author_info":{"display_name":"admin","author_link":"https:\/\/workboot.fr\/ciela\/author\/admin\/"},"uagb_comment_info":0,"uagb_excerpt":"Condition de d\u00e9part Nous allons ici , lancer une installation propre pour faire du d\u00e9veloppement WEB sur votre machine, on va partir du principe que etudiant est le login de [&hellip;]","_links":{"self":[{"href":"https:\/\/workboot.fr\/ciela\/wp-json\/wp\/v2\/pages\/4301","targetHints":{"allow":["GET"]}}],"collection":[{"href":"https:\/\/workboot.fr\/ciela\/wp-json\/wp\/v2\/pages"}],"about":[{"href":"https:\/\/workboot.fr\/ciela\/wp-json\/wp\/v2\/types\/page"}],"author":[{"embeddable":true,"href":"https:\/\/workboot.fr\/ciela\/wp-json\/wp\/v2\/users\/1"}],"replies":[{"embeddable":true,"href":"https:\/\/workboot.fr\/ciela\/wp-json\/wp\/v2\/comments?post=4301"}],"version-history":[{"count":4,"href":"https:\/\/workboot.fr\/ciela\/wp-json\/wp\/v2\/pages\/4301\/revisions"}],"predecessor-version":[{"id":5233,"href":"https:\/\/workboot.fr\/ciela\/wp-json\/wp\/v2\/pages\/4301\/revisions\/5233"}],"wp:attachment":[{"href":"https:\/\/workboot.fr\/ciela\/wp-json\/wp\/v2\/media?parent=4301"}],"curies":[{"name":"wp","href":"https:\/\/api.w.org\/{rel}","templated":true}]}}