{"id":889,"date":"2025-05-25T18:17:56","date_gmt":"2025-05-25T17:17:56","guid":{"rendered":"https:\/\/workboot.fr\/ciela\/?page_id=889"},"modified":"2025-05-27T14:33:48","modified_gmt":"2025-05-27T13:33:48","slug":"linux","status":"publish","type":"page","link":"https:\/\/workboot.fr\/ciela\/linux\/","title":{"rendered":"LINUX"},"content":{"rendered":"\n<p class=\"wp-block-paragraph\">Linux \u00e9quipe environ 75 % des serveurs web dans le monde, ce qui en fait la plateforme dominante gr\u00e2ce \u00e0 sa robustesse, sa s\u00e9curit\u00e9 et son caract\u00e8re open source.<\/p>\n\n\n\n<p class=\"wp-block-paragraph\">Linux est un syst\u00e8me d\u2019exploitation incontournable dans notre quotidien, souvent invisible mais pourtant essentiel. Il \u00e9quipe la majorit\u00e9 des serveurs web qui font fonctionner Internet gr\u00e2ce \u00e0 sa robustesse, sa s\u00e9curit\u00e9 et surtout \u00e0 son mod\u00e8le open source, qui permet une collaboration mondiale et une adaptation constante.<br>Le noyau Linux est aussi au c\u0153ur d\u2019Android, le syst\u00e8me d\u2019exploitation qui \u00e9quipe la plupart des smartphones dans le monde, offrant ainsi une alternative libre et flexible.<br>Linux est \u00e9galement utilis\u00e9 dans les box internet, les routeurs et une multitude d\u2019objets connect\u00e9s, profitant de sa modularit\u00e9 et de sa libert\u00e9 d\u2019utilisation.<br>Sur les ordinateurs personnels, bien que moins r\u00e9pandu que Windows ou macOS, Linux s\u00e9duit particuli\u00e8rement les d\u00e9veloppeurs et passionn\u00e9s gr\u00e2ce \u00e0 ses nombreuses distributions open source, accessibles et personnalisables.<br>Enfin, Linux constitue la base des supercalculateurs et de nombreuses solutions industrielles, d\u00e9montrant la puissance et la fiabilit\u00e9 de l\u2019open source dans les environnements les plus exigeants.<\/p>\n\n\n\n<p class=\"wp-block-paragraph\"> <\/p>\n\n\n\n<p class=\"wp-block-paragraph\">Pour commencer, on va comparer Linux \u00e0 Windows \u2014 m\u00eame si ce n\u2019est pas tout \u00e0 fait comparer des choses du m\u00eame genre. L\u2019un est un excellent outil pour apprendre et comprendre comment fonctionne un syst\u00e8me, tandis que l\u2019autre est surtout con\u00e7u pour \u00eatre utilis\u00e9 tel quel, sans se poser trop de questions.<\/p>\n\n\n\n<p class=\"has-text-align-center wp-block-paragraph\"><a href=\"https:\/\/www.blogdumoderateur.com\/10-differences-windows-linux\">https:\/\/www.blogdumoderateur.com\/10-differences-windows-linux<\/a><\/p>\n\n\n\n<h2 class=\"wp-block-heading\">Le Kernel Linux (noyau Linux)<\/h2>\n\n\n\n<p class=\"wp-block-paragraph\"><a href=\"https:\/\/fr.wikipedia.org\/wiki\/Linux\">https:\/\/fr.wikipedia.org\/wiki\/Linux<\/a><\/p>\n\n\n\n<p class=\"wp-block-paragraph\">La section dispose de poste avec la distribution <strong>Ubuntu 22.04 LTS<\/strong><\/p>\n\n\n\n<p class=\"wp-block-paragraph\">Ann\u00e9e 2022 au mois d&rsquo;Avril (04)&nbsp; Long Term Support<\/p>\n\n\n\n<p class=\"wp-block-paragraph\">Qui est une distribution d\u00e9riv\u00e9e de Debian.<\/p>\n\n\n\n<h2 class=\"wp-block-heading\">Le cr\u00e9ateur de Linux<\/h2>\n\n\n\n<p class=\"wp-block-paragraph\"><a href=\"https:\/\/fr.wikipedia.org\/wiki\/Linus_Torvalds\">https:\/\/fr.wikipedia.org\/wiki\/Linus_Torvalds<\/a><\/p>\n\n\n<div class=\"wp-block-image\">\n<figure class=\"alignright size-full\"><a href=\"https:\/\/workboot.fr\/ciela\/wp-content\/uploads\/2025\/05\/LinuxCon_Europe_Linus_Torvalds_03_cropped.jpg\"><img loading=\"lazy\" decoding=\"async\" width=\"250\" height=\"348\" src=\"https:\/\/workboot.fr\/ciela\/wp-content\/uploads\/2025\/05\/LinuxCon_Europe_Linus_Torvalds_03_cropped.jpg\" alt=\"\" class=\"wp-image-891\" srcset=\"https:\/\/workboot.fr\/ciela\/wp-content\/uploads\/2025\/05\/LinuxCon_Europe_Linus_Torvalds_03_cropped.jpg 250w, https:\/\/workboot.fr\/ciela\/wp-content\/uploads\/2025\/05\/LinuxCon_Europe_Linus_Torvalds_03_cropped-216x300.jpg 216w\" sizes=\"auto, (max-width: 250px) 100vw, 250px\" \/><\/a><\/figure>\n<\/div>\n\n\n<div class=\"wp-block-columns is-layout-flex wp-container-core-columns-is-layout-8f761849 wp-block-columns-is-layout-flex\">\n<div class=\"wp-block-column is-layout-flow wp-block-column-is-layout-flow\">\n<p class=\"wp-block-paragraph\">Linus Torvalds est le cr\u00e9ateur du <strong>noyau Linux,<\/strong> le c\u0153ur du syst\u00e8me d\u2019exploitation en anglais <strong>Kernel<\/strong> . Il supervise toujours son d\u00e9veloppement.<br>Il est \u00e9galement l\u2019inventeur de Git, un outil essentiel pour g\u00e9rer les versions de code, qui a inspir\u00e9 la cr\u00e9ation de plateformes comme GitHub.<br>Gr\u00e2ce \u00e0 lui, le monde de l\u2019informatique s\u2019est ouvert \u00e0 bien plus de d\u00e9veloppeurs et d\u2019utilisateurs.<\/p>\n<\/div>\n<\/div>\n\n\n\n<h2 class=\"wp-block-heading\">Tux, la mascotte de Linux<\/h2>\n\n\n<div class=\"wp-block-image\">\n<figure class=\"aligncenter size-full is-resized\"><a href=\"https:\/\/workboot.fr\/ciela\/wp-content\/uploads\/2025\/05\/Tux.svg_.png\"><img loading=\"lazy\" decoding=\"async\" width=\"800\" height=\"948\" src=\"https:\/\/workboot.fr\/ciela\/wp-content\/uploads\/2025\/05\/Tux.svg_.png\" alt=\"\" class=\"wp-image-962\" style=\"width:276px;height:auto\" srcset=\"https:\/\/workboot.fr\/ciela\/wp-content\/uploads\/2025\/05\/Tux.svg_.png 800w, https:\/\/workboot.fr\/ciela\/wp-content\/uploads\/2025\/05\/Tux.svg_-253x300.png 253w, https:\/\/workboot.fr\/ciela\/wp-content\/uploads\/2025\/05\/Tux.svg_-768x910.png 768w\" sizes=\"auto, (max-width: 800px) 100vw, 800px\" \/><\/a><\/figure>\n<\/div>","protected":false},"excerpt":{"rendered":"<p>Linux \u00e9quipe environ 75 % des serveurs web dans le monde, ce qui en fait la plateforme dominante gr\u00e2ce \u00e0 sa robustesse, sa s\u00e9curit\u00e9 et son caract\u00e8re open source. Linux [&hellip;]<\/p>\n","protected":false},"author":1,"featured_media":0,"parent":0,"menu_order":0,"comment_status":"closed","ping_status":"closed","template":"","meta":{"_crdt_document":"","_uag_custom_page_level_css":"","footnotes":""},"class_list":["post-889","page","type-page","status-publish","hentry"],"yoast_head":"<!-- This site is optimized with the Yoast SEO plugin v27.3 - https:\/\/yoast.com\/product\/yoast-seo-wordpress\/ -->\n<title>LINUX - workboot<\/title>\n<meta name=\"robots\" content=\"index, follow, max-snippet:-1, max-image-preview:large, max-video-preview:-1\" \/>\n<link rel=\"canonical\" href=\"https:\/\/workboot.fr\/ciela\/linux\/\" \/>\n<meta property=\"og:locale\" content=\"fr_FR\" \/>\n<meta property=\"og:type\" content=\"article\" \/>\n<meta property=\"og:title\" content=\"LINUX - workboot\" \/>\n<meta property=\"og:description\" content=\"Linux \u00e9quipe environ 75 % des serveurs web dans le monde, ce qui en fait la plateforme dominante gr\u00e2ce \u00e0 sa robustesse, sa s\u00e9curit\u00e9 et son caract\u00e8re open source. Linux [&hellip;]\" \/>\n<meta property=\"og:url\" content=\"https:\/\/workboot.fr\/ciela\/linux\/\" \/>\n<meta property=\"og:site_name\" content=\"workboot\" \/>\n<meta property=\"article:modified_time\" content=\"2025-05-27T13:33:48+00:00\" \/>\n<meta property=\"og:image\" content=\"https:\/\/workboot.fr\/ciela\/wp-content\/uploads\/2025\/05\/LinuxCon_Europe_Linus_Torvalds_03_cropped.jpg\" \/>\n<meta name=\"twitter:label1\" content=\"Dur\u00e9e de lecture estim\u00e9e\" \/>\n\t<meta name=\"twitter:data1\" content=\"2 minutes\" \/>\n<script type=\"application\/ld+json\" class=\"yoast-schema-graph\">{\"@context\":\"https:\\\/\\\/schema.org\",\"@graph\":[{\"@type\":\"WebPage\",\"@id\":\"https:\\\/\\\/workboot.fr\\\/ciela\\\/linux\\\/\",\"url\":\"https:\\\/\\\/workboot.fr\\\/ciela\\\/linux\\\/\",\"name\":\"LINUX - workboot\",\"isPartOf\":{\"@id\":\"https:\\\/\\\/workboot.fr\\\/ciela\\\/#website\"},\"primaryImageOfPage\":{\"@id\":\"https:\\\/\\\/workboot.fr\\\/ciela\\\/linux\\\/#primaryimage\"},\"image\":{\"@id\":\"https:\\\/\\\/workboot.fr\\\/ciela\\\/linux\\\/#primaryimage\"},\"thumbnailUrl\":\"https:\\\/\\\/workboot.fr\\\/ciela\\\/wp-content\\\/uploads\\\/2025\\\/05\\\/LinuxCon_Europe_Linus_Torvalds_03_cropped.jpg\",\"datePublished\":\"2025-05-25T17:17:56+00:00\",\"dateModified\":\"2025-05-27T13:33:48+00:00\",\"inLanguage\":\"fr-FR\",\"potentialAction\":[{\"@type\":\"ReadAction\",\"target\":[\"https:\\\/\\\/workboot.fr\\\/ciela\\\/linux\\\/\"]}]},{\"@type\":\"ImageObject\",\"inLanguage\":\"fr-FR\",\"@id\":\"https:\\\/\\\/workboot.fr\\\/ciela\\\/linux\\\/#primaryimage\",\"url\":\"https:\\\/\\\/workboot.fr\\\/ciela\\\/wp-content\\\/uploads\\\/2025\\\/05\\\/LinuxCon_Europe_Linus_Torvalds_03_cropped.jpg\",\"contentUrl\":\"https:\\\/\\\/workboot.fr\\\/ciela\\\/wp-content\\\/uploads\\\/2025\\\/05\\\/LinuxCon_Europe_Linus_Torvalds_03_cropped.jpg\",\"width\":250,\"height\":348},{\"@type\":\"WebSite\",\"@id\":\"https:\\\/\\\/workboot.fr\\\/ciela\\\/#website\",\"url\":\"https:\\\/\\\/workboot.fr\\\/ciela\\\/\",\"name\":\"workboot\",\"description\":\"Open Source, Open Minds \",\"publisher\":{\"@id\":\"https:\\\/\\\/workboot.fr\\\/ciela\\\/#organization\"},\"potentialAction\":[{\"@type\":\"SearchAction\",\"target\":{\"@type\":\"EntryPoint\",\"urlTemplate\":\"https:\\\/\\\/workboot.fr\\\/ciela\\\/?s={search_term_string}\"},\"query-input\":{\"@type\":\"PropertyValueSpecification\",\"valueRequired\":true,\"valueName\":\"search_term_string\"}}],\"inLanguage\":\"fr-FR\"},{\"@type\":\"Organization\",\"@id\":\"https:\\\/\\\/workboot.fr\\\/ciela\\\/#organization\",\"name\":\"workboot\",\"url\":\"https:\\\/\\\/workboot.fr\\\/ciela\\\/\",\"logo\":{\"@type\":\"ImageObject\",\"inLanguage\":\"fr-FR\",\"@id\":\"https:\\\/\\\/workboot.fr\\\/ciela\\\/#\\\/schema\\\/logo\\\/image\\\/\",\"url\":\"https:\\\/\\\/workboot.fr\\\/ciela\\\/wp-content\\\/uploads\\\/2025\\\/05\\\/logo_ciel-dorian-1.png\",\"contentUrl\":\"https:\\\/\\\/workboot.fr\\\/ciela\\\/wp-content\\\/uploads\\\/2025\\\/05\\\/logo_ciel-dorian-1.png\",\"width\":1024,\"height\":950,\"caption\":\"workboot\"},\"image\":{\"@id\":\"https:\\\/\\\/workboot.fr\\\/ciela\\\/#\\\/schema\\\/logo\\\/image\\\/\"}}]}<\/script>\n<!-- \/ Yoast SEO plugin. -->","yoast_head_json":{"title":"LINUX - workboot","robots":{"index":"index","follow":"follow","max-snippet":"max-snippet:-1","max-image-preview":"max-image-preview:large","max-video-preview":"max-video-preview:-1"},"canonical":"https:\/\/workboot.fr\/ciela\/linux\/","og_locale":"fr_FR","og_type":"article","og_title":"LINUX - workboot","og_description":"Linux \u00e9quipe environ 75 % des serveurs web dans le monde, ce qui en fait la plateforme dominante gr\u00e2ce \u00e0 sa robustesse, sa s\u00e9curit\u00e9 et son caract\u00e8re open source. Linux [&hellip;]","og_url":"https:\/\/workboot.fr\/ciela\/linux\/","og_site_name":"workboot","article_modified_time":"2025-05-27T13:33:48+00:00","og_image":[{"url":"https:\/\/workboot.fr\/ciela\/wp-content\/uploads\/2025\/05\/LinuxCon_Europe_Linus_Torvalds_03_cropped.jpg","type":"","width":"","height":""}],"twitter_misc":{"Dur\u00e9e de lecture estim\u00e9e":"2 minutes"},"schema":{"@context":"https:\/\/schema.org","@graph":[{"@type":"WebPage","@id":"https:\/\/workboot.fr\/ciela\/linux\/","url":"https:\/\/workboot.fr\/ciela\/linux\/","name":"LINUX - workboot","isPartOf":{"@id":"https:\/\/workboot.fr\/ciela\/#website"},"primaryImageOfPage":{"@id":"https:\/\/workboot.fr\/ciela\/linux\/#primaryimage"},"image":{"@id":"https:\/\/workboot.fr\/ciela\/linux\/#primaryimage"},"thumbnailUrl":"https:\/\/workboot.fr\/ciela\/wp-content\/uploads\/2025\/05\/LinuxCon_Europe_Linus_Torvalds_03_cropped.jpg","datePublished":"2025-05-25T17:17:56+00:00","dateModified":"2025-05-27T13:33:48+00:00","inLanguage":"fr-FR","potentialAction":[{"@type":"ReadAction","target":["https:\/\/workboot.fr\/ciela\/linux\/"]}]},{"@type":"ImageObject","inLanguage":"fr-FR","@id":"https:\/\/workboot.fr\/ciela\/linux\/#primaryimage","url":"https:\/\/workboot.fr\/ciela\/wp-content\/uploads\/2025\/05\/LinuxCon_Europe_Linus_Torvalds_03_cropped.jpg","contentUrl":"https:\/\/workboot.fr\/ciela\/wp-content\/uploads\/2025\/05\/LinuxCon_Europe_Linus_Torvalds_03_cropped.jpg","width":250,"height":348},{"@type":"WebSite","@id":"https:\/\/workboot.fr\/ciela\/#website","url":"https:\/\/workboot.fr\/ciela\/","name":"workboot","description":"Open Source, Open Minds ","publisher":{"@id":"https:\/\/workboot.fr\/ciela\/#organization"},"potentialAction":[{"@type":"SearchAction","target":{"@type":"EntryPoint","urlTemplate":"https:\/\/workboot.fr\/ciela\/?s={search_term_string}"},"query-input":{"@type":"PropertyValueSpecification","valueRequired":true,"valueName":"search_term_string"}}],"inLanguage":"fr-FR"},{"@type":"Organization","@id":"https:\/\/workboot.fr\/ciela\/#organization","name":"workboot","url":"https:\/\/workboot.fr\/ciela\/","logo":{"@type":"ImageObject","inLanguage":"fr-FR","@id":"https:\/\/workboot.fr\/ciela\/#\/schema\/logo\/image\/","url":"https:\/\/workboot.fr\/ciela\/wp-content\/uploads\/2025\/05\/logo_ciel-dorian-1.png","contentUrl":"https:\/\/workboot.fr\/ciela\/wp-content\/uploads\/2025\/05\/logo_ciel-dorian-1.png","width":1024,"height":950,"caption":"workboot"},"image":{"@id":"https:\/\/workboot.fr\/ciela\/#\/schema\/logo\/image\/"}}]}},"uagb_featured_image_src":{"full":false,"thumbnail":false,"medium":false,"medium_large":false,"large":false,"1536x1536":false,"2048x2048":false},"uagb_author_info":{"display_name":"admin","author_link":"https:\/\/workboot.fr\/ciela\/author\/admin\/"},"uagb_comment_info":0,"uagb_excerpt":"Linux \u00e9quipe environ 75 % des serveurs web dans le monde, ce qui en fait la plateforme dominante gr\u00e2ce \u00e0 sa robustesse, sa s\u00e9curit\u00e9 et son caract\u00e8re open source. Linux [&hellip;]","_links":{"self":[{"href":"https:\/\/workboot.fr\/ciela\/wp-json\/wp\/v2\/pages\/889","targetHints":{"allow":["GET"]}}],"collection":[{"href":"https:\/\/workboot.fr\/ciela\/wp-json\/wp\/v2\/pages"}],"about":[{"href":"https:\/\/workboot.fr\/ciela\/wp-json\/wp\/v2\/types\/page"}],"author":[{"embeddable":true,"href":"https:\/\/workboot.fr\/ciela\/wp-json\/wp\/v2\/users\/1"}],"replies":[{"embeddable":true,"href":"https:\/\/workboot.fr\/ciela\/wp-json\/wp\/v2\/comments?post=889"}],"version-history":[{"count":9,"href":"https:\/\/workboot.fr\/ciela\/wp-json\/wp\/v2\/pages\/889\/revisions"}],"predecessor-version":[{"id":971,"href":"https:\/\/workboot.fr\/ciela\/wp-json\/wp\/v2\/pages\/889\/revisions\/971"}],"wp:attachment":[{"href":"https:\/\/workboot.fr\/ciela\/wp-json\/wp\/v2\/media?parent=889"}],"curies":[{"name":"wp","href":"https:\/\/api.w.org\/{rel}","templated":true}]}}