{"id":972,"date":"2025-05-27T14:58:25","date_gmt":"2025-05-27T13:58:25","guid":{"rendered":"https:\/\/workboot.fr\/ciela\/?page_id=972"},"modified":"2026-04-02T14:59:34","modified_gmt":"2026-04-02T13:59:34","slug":"virtualbox","status":"publish","type":"page","link":"https:\/\/workboot.fr\/ciela\/virtualbox\/","title":{"rendered":"Virtualbox"},"content":{"rendered":"\n<p class=\"wp-block-paragraph\">Ici nous allons nous int\u00e9resser \u00e0 virtualbox et l&rsquo;installer sur les diff\u00e9rentes plate formes. (windows, mac os X et linux)<\/p>\n\n\n\n<p class=\"wp-block-paragraph\">Sur certains ordinateur il faut activer dans le bios ou UEFI la virtualisation.<\/p>\n\n\n\n<details class=\"wp-block-details is-layout-flow wp-block-details-is-layout-flow\"><summary>VirtualBox Oracle \/ open source<\/summary>\n<p class=\"wp-block-paragraph\"><strong>VirtualBox est bien un projet open source d\u00e9tenu par Oracle<\/strong>&nbsp;<a href=\"https:\/\/wapbaike.baidu.com\/item\/VirtualBox\/5842786?fromtitle=virtual%20box&amp;fromid=3961028\" target=\"_blank\" rel=\"noreferrer noopener\"><\/a><a href=\"https:\/\/www.versio.io\/en\/product-release-end-of-life-eol-oracle-virtual-box.html\" target=\"_blank\" rel=\"noreferrer noopener\"><\/a>.<\/p>\n\n\n\n<p class=\"wp-block-paragraph\">Voici les points cl\u00e9s pour comprendre son mod\u00e8le de licence :<\/p>\n\n\n\n<ul class=\"wp-block-list\">\n<li><strong>Code source sous GPLv3<\/strong>&nbsp;: Le&nbsp;<strong>paquet de base<\/strong>&nbsp;de VirtualBox (le c\u0153ur du logiciel) est distribu\u00e9 sous&nbsp;<strong>GNU General Public License version 3 (GPLv3)<\/strong>&nbsp;<a href=\"https:\/\/raw.githubusercontent.com\/VirtualBox\/virtualbox\/refs\/heads\/main\/src\/VBox\/Installer\/linux\/debian\/copyright\" target=\"_blank\" rel=\"noreferrer noopener\"><\/a><a href=\"https:\/\/www.virtualbox.org\/wiki\/Licensing_FAQ?version=23\" target=\"_blank\" rel=\"noreferrer noopener\"><\/a>. C&rsquo;est cette licence qui garantit son caract\u00e8re open source : vous pouvez l&rsquo;utiliser, le modifier et le redistribuer librement.<\/li>\n\n\n\n<li><strong>Licence \u00ab\u00a0open core\u00a0\u00bb (noyau ouvert)<\/strong>&nbsp;: Comme beaucoup d&rsquo;entreprises, Oracle utilise un mod\u00e8le \u00ab\u00a0open core\u00a0\u00bb. Le logiciel de base est open source, mais des fonctionnalit\u00e9s suppl\u00e9mentaires (comme le support USB 3.0, le chiffrement des disques ou le serveur RDP) sont regroup\u00e9es dans un&nbsp;<strong>Extension Pack<\/strong>&nbsp;<a href=\"https:\/\/docs.oracle.com\/en\/virtualization\/virtualbox\/7.2\/licensing\/licensing-licensing-info-ext.html#license-mozilla-suite-1.8a4-1\" target=\"_blank\" rel=\"noreferrer noopener\"><\/a>.<\/li>\n\n\n\n<li><strong>Extension Pack sous licence propri\u00e9taire<\/strong>&nbsp;: Contrairement au logiciel de base, l&rsquo;<strong>Extension Pack n&rsquo;est pas open source<\/strong>. Il est soumis \u00e0 la&nbsp;<strong>VirtualBox Personal Use and Educational License (PUEL)<\/strong>&nbsp;, qui autorise une utilisation gratuite uniquement dans un cadre personnel ou \u00e9ducatif. Pour une utilisation commerciale, une licence payante est n\u00e9cessaire&nbsp;<a href=\"https:\/\/www.virtualbox.org\/wiki\/Licensing_FAQ?version=23\" target=\"_blank\" rel=\"noreferrer noopener\"><\/a>.<\/li>\n\n\n\n<li><strong>Mod\u00e8le de contribution sp\u00e9cifique<\/strong>&nbsp;: Pour contribuer au projet, Oracle demande aux d\u00e9veloppeurs de signer un accord de contribution (\u00ab\u00a0Contributor&rsquo;s Agreement\u00a0\u00bb) ou de publier leurs modifications sous licence MIT, et non pas directement sous GPL. Cette politique permet \u00e0 Oracle d&rsquo;int\u00e9grer les contributions communautaires dans ses versions propri\u00e9taires&nbsp;<a href=\"https:\/\/www.virtualbox.org\/wiki\/Contributor_information?version=16\" target=\"_blank\" rel=\"noreferrer noopener\"><\/a><a href=\"https:\/\/marc.info\/?m=135394822606550&amp;q=p2\" target=\"_blank\" rel=\"noreferrer noopener\"><\/a>.<\/li>\n<\/ul>\n\n\n\n<p class=\"wp-block-paragraph\">En r\u00e9sum\u00e9, vous pouvez consid\u00e9rer VirtualBox comme un logiciel open source dont Oracle est le principal mainteneur, mais dont l&rsquo;\u00e9cosyst\u00e8me inclut des composants propri\u00e9taires.<\/p>\n<\/details>\n\n\n\n<h2 class=\"wp-block-heading\">1. Installer VirtualBox<\/h2>\n\n\n\n<h3 class=\"wp-block-heading\">Sur Windows<\/h3>\n\n\n\n<ol class=\"wp-block-list\">\n<li>Rendez-vous sur le site officiel : <a class=\"\" href=\"https:\/\/www.virtualbox.org\/\">https:\/\/www.virtualbox.org\/<\/a><\/li>\n\n\n\n<li>Cliquez sur <strong>Downloads<\/strong> puis t\u00e9l\u00e9chargez <strong>Windows hosts<\/strong>.<\/li>\n\n\n\n<li>Lancez le fichier d\u2019installation (.exe) et suivez les instructions \u00e0 l\u2019\u00e9cran.<\/li>\n\n\n\n<li>Une fois install\u00e9, ouvrez VirtualBox.<\/li>\n<\/ol>\n\n\n\n<h3 class=\"wp-block-heading\">Sur macOS<\/h3>\n\n\n\n<ol class=\"wp-block-list\">\n<li>Allez sur <a class=\"\" href=\"https:\/\/www.virtualbox.org\/\">https:\/\/www.virtualbox.org\/<\/a><\/li>\n\n\n\n<li>Cliquez sur <strong>Downloads<\/strong>, puis t\u00e9l\u00e9chargez <strong>OS X hosts<\/strong>.<\/li>\n\n\n\n<li>Ouvrez le fichier .dmg t\u00e9l\u00e9charg\u00e9 et suivez les \u00e9tapes pour installer VirtualBox.<\/li>\n\n\n\n<li>Lancez VirtualBox depuis le dossier Applications.<\/li>\n<\/ol>\n\n\n\n<h3 class=\"wp-block-heading\">Sur Linux (exemple Ubuntu\/Debian)<\/h3>\n\n\n\n<p class=\"wp-block-paragraph\">Pour la version 22.04 LTS de ubuntu sur linux3 (plus rapide)<\/p>\n\n\n\n<ul class=\"wp-block-list\">\n<li>X=1\/2     ann\u00e9e de formation<\/li>\n\n\n\n<li>Y=1\/2  groupe<\/li>\n\n\n\n<li>ZZ=poste de 01 \u00e0 14<\/li>\n\n\n\n<li>stu pour l&rsquo;initial et app pour les apprentis!<\/li>\n<\/ul>\n\n\n\n<pre class=\"wp-block-code\"><code>scp XgYstuZZ@linux3.local:\/Data\/Outils_Logiciels\/VirtualBox\/Jammy\/virtualbox-7.2_7.2.6-172322~Ubuntu~jammy_amd64.deb  .<\/code><\/pre>\n\n\n\n<ol class=\"wp-block-list\">\n<li>T\u00e9l\u00e9charger la version pour ubuntu 22.04 (c&rsquo;est le cas au lyc\u00e9e)  sur <a href=\"https:\/\/www.virtualbox.org\/\">https:\/\/www.virtualbox.org\/<\/a><\/li>\n\n\n\n<li>Ouvrez un terminal.<\/li>\n\n\n\n<li>Tapez la commande :<\/li>\n\n\n\n<li>sudo apt install ~\/T\u00e9l\u00e9chargement\/virtualbox-7.2_7.2.6-172322~Ubuntu~jammy_amd64.deb<\/li>\n\n\n\n<li>Une fois l\u2019installation termin\u00e9e, lancez VirtualBox depuis le menu Applications ou en tapant <code>virtualbox<\/code> dans le terminal.<\/li>\n<\/ol>\n\n\n\n<hr class=\"wp-block-separator has-alpha-channel-opacity\"\/>\n\n\n\n<p class=\"wp-block-paragraph\">Nous mettons \u00e0 disposition un fichier <a href=\"https:\/\/workboot.fr\/Download\/Virtualbox\/Debian11.ova\">debian11.ova<\/a> pour importer dans la machine.<\/p>\n\n\n\n<p class=\"wp-block-paragraph\">Derni\u00e8re machine disponible sur linux 3  (ne fonctionne qu&rsquo;au lyc\u00e9e )<\/p>\n\n\n\n<p class=\"wp-block-paragraph\">mettre votre login de linux3 \u00e0 la place de xgystuXX<\/p>\n\n\n\n<pre class=\"wp-block-code\"><code>scp xgystuXX@linux3.local:\/\/Data\/Outils_Logiciels\/Linux\/virtualbox_machines\/Debian11\/Debian11.ova .<\/code><\/pre>\n\n\n\n<p class=\"wp-block-paragraph\">En dehors du lyc\u00e9e possible d&rsquo;avoir les images de la Debian 11 pour Virtualbox<\/p>\n\n\n\n<p class=\"wp-block-paragraph\">une version avec le proxy du lyc\u00e9e, et une sans aucun proxy pour la maison. <\/p>\n\n\n\n<ul class=\"wp-block-list\">\n<li>image pour le lyc\u00e9e :&nbsp;<a href=\"https:\/\/workboot.fr\/Download\/Virtualbox\/V29092025\/Debian11.ova\">debian11.ova<\/a><\/li>\n\n\n\n<li>image pour la maison sans proxy :&nbsp;<a href=\"https:\/\/workboot.fr\/Download\/Virtualbox\/V29092025\/Debian11_house.ova\">debian11_house.ova<\/a><\/li>\n<\/ul>\n\n\n\n<p class=\"wp-block-paragraph\">Vous allez pouvoir vous familiariser avec une <a data-type=\"page\" data-id=\"999\" href=\"https:\/\/workboot.fr\/ciela\/debian11-avec-virtualbox\/\">Debian 11 sous virtualbox <\/a> (2024)<\/p>\n","protected":false},"excerpt":{"rendered":"<p>Ici nous allons nous int\u00e9resser \u00e0 virtualbox et l&rsquo;installer sur les diff\u00e9rentes plate formes. (windows, mac os X et linux) Sur certains ordinateur il faut activer dans le bios ou [&hellip;]<\/p>\n","protected":false},"author":1,"featured_media":0,"parent":0,"menu_order":0,"comment_status":"closed","ping_status":"closed","template":"","meta":{"_crdt_document":"","_uag_custom_page_level_css":"","footnotes":""},"class_list":["post-972","page","type-page","status-publish","hentry"],"yoast_head":"<!-- This site is optimized with the Yoast SEO plugin v27.3 - https:\/\/yoast.com\/product\/yoast-seo-wordpress\/ -->\n<title>Virtualbox - workboot<\/title>\n<meta name=\"robots\" content=\"index, follow, max-snippet:-1, max-image-preview:large, max-video-preview:-1\" \/>\n<link rel=\"canonical\" href=\"https:\/\/workboot.fr\/ciela\/virtualbox\/\" \/>\n<meta property=\"og:locale\" content=\"fr_FR\" \/>\n<meta property=\"og:type\" content=\"article\" \/>\n<meta property=\"og:title\" content=\"Virtualbox - workboot\" \/>\n<meta property=\"og:description\" content=\"Ici nous allons nous int\u00e9resser \u00e0 virtualbox et l&rsquo;installer sur les diff\u00e9rentes plate formes. (windows, mac os X et linux) Sur certains ordinateur il faut activer dans le bios ou [&hellip;]\" \/>\n<meta property=\"og:url\" content=\"https:\/\/workboot.fr\/ciela\/virtualbox\/\" \/>\n<meta property=\"og:site_name\" content=\"workboot\" \/>\n<meta property=\"article:modified_time\" content=\"2026-04-02T13:59:34+00:00\" \/>\n<meta name=\"twitter:label1\" content=\"Dur\u00e9e de lecture estim\u00e9e\" \/>\n\t<meta name=\"twitter:data1\" content=\"3 minutes\" \/>\n<script type=\"application\/ld+json\" class=\"yoast-schema-graph\">{\"@context\":\"https:\\\/\\\/schema.org\",\"@graph\":[{\"@type\":\"WebPage\",\"@id\":\"https:\\\/\\\/workboot.fr\\\/ciela\\\/virtualbox\\\/\",\"url\":\"https:\\\/\\\/workboot.fr\\\/ciela\\\/virtualbox\\\/\",\"name\":\"Virtualbox - workboot\",\"isPartOf\":{\"@id\":\"https:\\\/\\\/workboot.fr\\\/ciela\\\/#website\"},\"datePublished\":\"2025-05-27T13:58:25+00:00\",\"dateModified\":\"2026-04-02T13:59:34+00:00\",\"inLanguage\":\"fr-FR\",\"potentialAction\":[{\"@type\":\"ReadAction\",\"target\":[\"https:\\\/\\\/workboot.fr\\\/ciela\\\/virtualbox\\\/\"]}]},{\"@type\":\"WebSite\",\"@id\":\"https:\\\/\\\/workboot.fr\\\/ciela\\\/#website\",\"url\":\"https:\\\/\\\/workboot.fr\\\/ciela\\\/\",\"name\":\"workboot\",\"description\":\"Open Source, Open Minds \",\"publisher\":{\"@id\":\"https:\\\/\\\/workboot.fr\\\/ciela\\\/#organization\"},\"potentialAction\":[{\"@type\":\"SearchAction\",\"target\":{\"@type\":\"EntryPoint\",\"urlTemplate\":\"https:\\\/\\\/workboot.fr\\\/ciela\\\/?s={search_term_string}\"},\"query-input\":{\"@type\":\"PropertyValueSpecification\",\"valueRequired\":true,\"valueName\":\"search_term_string\"}}],\"inLanguage\":\"fr-FR\"},{\"@type\":\"Organization\",\"@id\":\"https:\\\/\\\/workboot.fr\\\/ciela\\\/#organization\",\"name\":\"workboot\",\"url\":\"https:\\\/\\\/workboot.fr\\\/ciela\\\/\",\"logo\":{\"@type\":\"ImageObject\",\"inLanguage\":\"fr-FR\",\"@id\":\"https:\\\/\\\/workboot.fr\\\/ciela\\\/#\\\/schema\\\/logo\\\/image\\\/\",\"url\":\"https:\\\/\\\/workboot.fr\\\/ciela\\\/wp-content\\\/uploads\\\/2025\\\/05\\\/logo_ciel-dorian-1.png\",\"contentUrl\":\"https:\\\/\\\/workboot.fr\\\/ciela\\\/wp-content\\\/uploads\\\/2025\\\/05\\\/logo_ciel-dorian-1.png\",\"width\":1024,\"height\":950,\"caption\":\"workboot\"},\"image\":{\"@id\":\"https:\\\/\\\/workboot.fr\\\/ciela\\\/#\\\/schema\\\/logo\\\/image\\\/\"}}]}<\/script>\n<!-- \/ Yoast SEO plugin. -->","yoast_head_json":{"title":"Virtualbox - workboot","robots":{"index":"index","follow":"follow","max-snippet":"max-snippet:-1","max-image-preview":"max-image-preview:large","max-video-preview":"max-video-preview:-1"},"canonical":"https:\/\/workboot.fr\/ciela\/virtualbox\/","og_locale":"fr_FR","og_type":"article","og_title":"Virtualbox - workboot","og_description":"Ici nous allons nous int\u00e9resser \u00e0 virtualbox et l&rsquo;installer sur les diff\u00e9rentes plate formes. (windows, mac os X et linux) Sur certains ordinateur il faut activer dans le bios ou [&hellip;]","og_url":"https:\/\/workboot.fr\/ciela\/virtualbox\/","og_site_name":"workboot","article_modified_time":"2026-04-02T13:59:34+00:00","twitter_misc":{"Dur\u00e9e de lecture estim\u00e9e":"3 minutes"},"schema":{"@context":"https:\/\/schema.org","@graph":[{"@type":"WebPage","@id":"https:\/\/workboot.fr\/ciela\/virtualbox\/","url":"https:\/\/workboot.fr\/ciela\/virtualbox\/","name":"Virtualbox - workboot","isPartOf":{"@id":"https:\/\/workboot.fr\/ciela\/#website"},"datePublished":"2025-05-27T13:58:25+00:00","dateModified":"2026-04-02T13:59:34+00:00","inLanguage":"fr-FR","potentialAction":[{"@type":"ReadAction","target":["https:\/\/workboot.fr\/ciela\/virtualbox\/"]}]},{"@type":"WebSite","@id":"https:\/\/workboot.fr\/ciela\/#website","url":"https:\/\/workboot.fr\/ciela\/","name":"workboot","description":"Open Source, Open Minds ","publisher":{"@id":"https:\/\/workboot.fr\/ciela\/#organization"},"potentialAction":[{"@type":"SearchAction","target":{"@type":"EntryPoint","urlTemplate":"https:\/\/workboot.fr\/ciela\/?s={search_term_string}"},"query-input":{"@type":"PropertyValueSpecification","valueRequired":true,"valueName":"search_term_string"}}],"inLanguage":"fr-FR"},{"@type":"Organization","@id":"https:\/\/workboot.fr\/ciela\/#organization","name":"workboot","url":"https:\/\/workboot.fr\/ciela\/","logo":{"@type":"ImageObject","inLanguage":"fr-FR","@id":"https:\/\/workboot.fr\/ciela\/#\/schema\/logo\/image\/","url":"https:\/\/workboot.fr\/ciela\/wp-content\/uploads\/2025\/05\/logo_ciel-dorian-1.png","contentUrl":"https:\/\/workboot.fr\/ciela\/wp-content\/uploads\/2025\/05\/logo_ciel-dorian-1.png","width":1024,"height":950,"caption":"workboot"},"image":{"@id":"https:\/\/workboot.fr\/ciela\/#\/schema\/logo\/image\/"}}]}},"uagb_featured_image_src":{"full":false,"thumbnail":false,"medium":false,"medium_large":false,"large":false,"1536x1536":false,"2048x2048":false},"uagb_author_info":{"display_name":"admin","author_link":"https:\/\/workboot.fr\/ciela\/author\/admin\/"},"uagb_comment_info":0,"uagb_excerpt":"Ici nous allons nous int\u00e9resser \u00e0 virtualbox et l&rsquo;installer sur les diff\u00e9rentes plate formes. (windows, mac os X et linux) Sur certains ordinateur il faut activer dans le bios ou [&hellip;]","_links":{"self":[{"href":"https:\/\/workboot.fr\/ciela\/wp-json\/wp\/v2\/pages\/972","targetHints":{"allow":["GET"]}}],"collection":[{"href":"https:\/\/workboot.fr\/ciela\/wp-json\/wp\/v2\/pages"}],"about":[{"href":"https:\/\/workboot.fr\/ciela\/wp-json\/wp\/v2\/types\/page"}],"author":[{"embeddable":true,"href":"https:\/\/workboot.fr\/ciela\/wp-json\/wp\/v2\/users\/1"}],"replies":[{"embeddable":true,"href":"https:\/\/workboot.fr\/ciela\/wp-json\/wp\/v2\/comments?post=972"}],"version-history":[{"count":28,"href":"https:\/\/workboot.fr\/ciela\/wp-json\/wp\/v2\/pages\/972\/revisions"}],"predecessor-version":[{"id":7558,"href":"https:\/\/workboot.fr\/ciela\/wp-json\/wp\/v2\/pages\/972\/revisions\/7558"}],"wp:attachment":[{"href":"https:\/\/workboot.fr\/ciela\/wp-json\/wp\/v2\/media?parent=972"}],"curies":[{"name":"wp","href":"https:\/\/api.w.org\/{rel}","templated":true}]}}